CRAN Package Check Results for Package rtodoist

Last updated on 2024-02-27 19:54:50 CET.

Flavor Version Tinstall Tcheck Ttotal Status Flags
r-devel-linux-x86_64-debian-clang 0.1.0 5.92 45.82 51.74 NOTE
r-devel-linux-x86_64-debian-gcc 0.1.0 4.05 34.47 38.52 NOTE
r-devel-linux-x86_64-fedora-clang 0.1.0 63.13 NOTE
r-devel-linux-x86_64-fedora-gcc 0.1.0 71.58 NOTE
r-devel-windows-x86_64 0.1.0 6.00 59.00 65.00 NOTE
r-patched-linux-x86_64 0.1.0 4.60 43.04 47.64 NOTE
r-release-linux-x86_64 0.1.0 4.96 44.01 48.97 NOTE
r-release-macos-arm64 0.1.0 32.00 NOTE
r-release-macos-x86_64 0.1.0 45.00 NOTE
r-release-windows-x86_64 0.1.0 9.00 62.00 71.00 NOTE
r-oldrel-macos-arm64 0.1.0 24.00 NOTE
r-oldrel-windows-x86_64 0.1.0 8.00 64.00 72.00 NOTE

Check Details

Version: 0.1.0
Check: LazyData
Result: NOTE 'LazyData' is specified without a 'data' directory Flavors: r-devel-linux-x86_64-debian-clang, r-devel-linux-x86_64-debian-gcc, r-devel-linux-x86_64-fedora-clang, r-devel-linux-x86_64-fedora-gcc, r-devel-windows-x86_64, r-patched-linux-x86_64, r-release-linux-x86_64, r-release-macos-arm64, r-release-macos-x86_64, r-release-windows-x86_64, r-oldrel-macos-arm64, r-oldrel-windows-x86_64