CRAN Package Check Results for Package rtimicropem

Last updated on 2019-08-21 10:47:37 CEST.

Flavor Version Tinstall Tcheck Ttotal Status Flags
r-devel-linux-x86_64-debian-clang 1.4.0 5.58 57.72 63.30 OK
r-devel-linux-x86_64-debian-gcc 1.4.0 5.20 46.10 51.30 OK
r-devel-linux-x86_64-fedora-clang 1.4.0 78.80 NOTE
r-devel-linux-x86_64-fedora-gcc 1.4.0 73.32 NOTE
r-devel-windows-ix86+x86_64 1.4.0 22.00 78.00 100.00 OK
r-patched-linux-x86_64 1.4.0 5.88 57.03 62.91 OK
r-patched-solaris-x86 1.4.0 117.40 NOTE
r-release-linux-x86_64 1.4.0 6.10 56.07 62.17 OK
r-release-windows-ix86+x86_64 1.4.0 10.00 66.00 76.00 OK
r-release-osx-x86_64 1.4.0 NOTE
r-oldrel-windows-ix86+x86_64 1.4.0 14.00 95.00 109.00 OK
r-oldrel-osx-x86_64 1.4.0 NOTE

Check Details

Version: 1.4.0
Check: dependencies in R code
Result: NOTE
    Namespace in Imports field not imported from: ‘R6’
     All declared Imports should be used.
Flavors: r-devel-linux-x86_64-fedora-clang, r-devel-linux-x86_64-fedora-gcc, r-patched-solaris-x86, r-release-osx-x86_64, r-oldrel-osx-x86_64