CRAN Package Check Results for Package rtimicropem

Last updated on 2019-12-07 08:49:42 CET.

Flavor Version Tinstall Tcheck Ttotal Status Flags
r-devel-linux-x86_64-debian-clang 1.4.0 7.12 61.86 68.98 OK
r-devel-linux-x86_64-debian-gcc 1.4.0 5.36 47.08 52.44 OK
r-devel-linux-x86_64-fedora-clang 1.4.0 78.16 NOTE
r-devel-linux-x86_64-fedora-gcc 1.4.0 77.45 NOTE
r-devel-windows-ix86+x86_64 1.4.0 18.00 93.00 111.00 OK
r-devel-windows-ix86+x86_64-gcc8 1.4.0 17.00 106.00 123.00 OK
r-patched-linux-x86_64 1.4.0 6.37 55.92 62.29 OK
r-patched-solaris-x86 1.4.0 109.60 NOTE
r-release-linux-x86_64 1.4.0 5.09 56.28 61.37 OK
r-release-windows-ix86+x86_64 1.4.0 10.00 75.00 85.00 OK
r-release-osx-x86_64 1.4.0 NOTE
r-oldrel-windows-ix86+x86_64 1.4.0 6.00 93.00 99.00 OK
r-oldrel-osx-x86_64 1.4.0 NOTE

Check Details

Version: 1.4.0
Check: dependencies in R code
Result: NOTE
    Namespace in Imports field not imported from: ‘R6’
     All declared Imports should be used.
Flavors: r-devel-linux-x86_64-fedora-clang, r-devel-linux-x86_64-fedora-gcc, r-patched-solaris-x86, r-release-osx-x86_64, r-oldrel-osx-x86_64