CRAN Package Check Results for Package rtf

Last updated on 2021-10-17 12:52:57 CEST.

Flavor Version Tinstall Tcheck Ttotal Status Flags
r-devel-linux-x86_64-debian-clang 0.4-14.1 3.73 47.70 51.43 NOTE
r-devel-linux-x86_64-debian-gcc 0.4-14.1 2.37 36.19 38.56 NOTE
r-devel-linux-x86_64-fedora-clang 0.4-14.1 70.55 NOTE
r-devel-linux-x86_64-fedora-gcc 0.4-14.1 59.01 NOTE
r-devel-windows-x86_64 0.4-14.1 5.00 56.00 61.00 OK
r-devel-windows-x86_64-gcc10-UCRT 0.4-14.1 OK
r-patched-linux-x86_64 0.4-14.1 3.78 44.97 48.75 NOTE
r-patched-solaris-x86 0.4-14.1 85.30 NOTE
r-release-linux-x86_64 0.4-14.1 3.45 44.44 47.89 NOTE
r-release-macos-arm64 0.4-14.1 OK
r-release-macos-x86_64 0.4-14.1 OK
r-release-windows-ix86+x86_64 0.4-14.1 6.00 65.00 71.00 OK
r-oldrel-macos-x86_64 0.4-14.1 OK
r-oldrel-windows-ix86+x86_64 0.4-14.1 6.00 69.00 75.00 OK

Check Details

Version: 0.4-14.1
Check: for non-standard things in the check directory
Result: NOTE
    Found the following files/directories:
     'test_addPageBreak.doc' 'test_addPlot.doc' 'test_addSessionInfo.doc'
     'test_addTable.doc'
Flavors: r-devel-linux-x86_64-debian-clang, r-devel-linux-x86_64-debian-gcc, r-devel-linux-x86_64-fedora-clang, r-devel-linux-x86_64-fedora-gcc, r-patched-linux-x86_64, r-patched-solaris-x86, r-release-linux-x86_64