CRAN Package Check Results for Package rtemps

Last updated on 2021-11-28 19:49:04 CET.

Flavor Version Tinstall Tcheck Ttotal Status Flags
r-devel-linux-x86_64-debian-clang 0.8.0 NOTE
r-devel-linux-x86_64-debian-gcc 0.8.0 1.74 17.66 19.40 NOTE
r-devel-linux-x86_64-fedora-clang 0.8.0 39.53 NOTE
r-devel-linux-x86_64-fedora-gcc 0.8.0 28.35 NOTE
r-devel-windows-x86_64-new-UL 0.8.0 7.00 63.00 70.00 NOTE
r-devel-windows-x86_64-new-TK 0.8.0 NOTE
r-devel-windows-x86_64-old 0.8.0 4.00 42.00 46.00 NOTE
r-patched-linux-x86_64 0.8.0 1.91 20.40 22.31 NOTE
r-patched-solaris-x86 0.8.0 46.20 NOTE
r-release-linux-x86_64 0.8.0 2.05 20.10 22.15 NOTE
r-release-macos-arm64 0.8.0 NOTE
r-release-macos-x86_64 0.8.0 NOTE
r-release-windows-ix86+x86_64 0.8.0 6.00 31.00 37.00 NOTE
r-oldrel-macos-x86_64 0.8.0 OK
r-oldrel-windows-ix86+x86_64 0.8.0 14.00 38.00 52.00 OK

Check Details

Version: 0.8.0
Check: LazyData
Result: NOTE
     'LazyData' is specified without a 'data' directory
Flavors: r-devel-linux-x86_64-debian-clang, r-devel-linux-x86_64-debian-gcc, r-devel-linux-x86_64-fedora-clang, r-devel-linux-x86_64-fedora-gcc, r-devel-windows-x86_64-new-UL, r-devel-windows-x86_64-new-TK, r-devel-windows-x86_64-old, r-patched-linux-x86_64, r-patched-solaris-x86, r-release-linux-x86_64, r-release-macos-arm64, r-release-macos-x86_64, r-release-windows-ix86+x86_64