CRAN Package Check Results for Package rtables

Last updated on 2024-02-26 19:50:20 CET.

Flavor Version Tinstall Tcheck Ttotal Status Flags
r-devel-linux-x86_64-debian-clang 0.6.6 28.60 724.61 753.21 OK
r-devel-linux-x86_64-debian-gcc 0.6.6 25.51 533.98 559.49 OK
r-devel-linux-x86_64-fedora-clang 0.6.6 911.23 NOTE
r-devel-linux-x86_64-fedora-gcc 0.6.6 957.22 OK
r-devel-windows-x86_64 0.6.6 26.00 491.00 517.00 NOTE
r-patched-linux-x86_64 0.6.6 39.79 706.65 746.44 OK
r-release-linux-x86_64 0.6.6 36.34 700.26 736.60 OK
r-release-macos-arm64 0.6.6 235.00 NOTE
r-release-macos-x86_64 0.6.6 565.00 NOTE
r-release-windows-x86_64 0.6.6 35.00 676.00 711.00 NOTE
r-oldrel-macos-arm64 0.6.6 221.00 NOTE
r-oldrel-windows-x86_64 0.6.6 38.00 628.00 666.00 NOTE

Check Details

Version: 0.6.6
Check: installed package size
Result: NOTE installed size is 5.4Mb sub-directories of 1Mb or more: R 1.4Mb doc 1.4Mb help 2.4Mb Flavors: r-devel-linux-x86_64-fedora-clang, r-devel-windows-x86_64, r-release-macos-arm64, r-release-macos-x86_64, r-release-windows-x86_64, r-oldrel-macos-arm64, r-oldrel-windows-x86_64