CRAN Package Check Results for Package rsyntax

Last updated on 2021-10-24 20:51:16 CEST.

Flavor Version Tinstall Tcheck Ttotal Status Flags
r-devel-linux-x86_64-debian-clang 0.1.2 6.10 67.32 73.42 OK
r-devel-linux-x86_64-debian-gcc 0.1.2 5.24 49.04 54.28 OK
r-devel-linux-x86_64-fedora-clang 0.1.2 96.80 NOTE
r-devel-linux-x86_64-fedora-gcc 0.1.2 84.95 OK
r-devel-windows-x86_64 0.1.2 10.00 89.00 99.00 OK
r-devel-windows-x86_64-gcc10-UCRT 0.1.2 OK
r-patched-linux-x86_64 0.1.2 5.98 62.94 68.92 OK
r-patched-solaris-x86 0.1.2 112.40 OK
r-release-linux-x86_64 0.1.2 6.03 63.25 69.28 OK
r-release-macos-arm64 0.1.2 OK
r-release-macos-x86_64 0.1.2 OK
r-release-windows-ix86+x86_64 0.1.2 9.00 76.00 85.00 OK
r-oldrel-macos-x86_64 0.1.2 OK
r-oldrel-windows-ix86+x86_64 0.1.2 12.00 94.00 106.00 OK

Check Details

Version: 0.1.2
Check: Rd cross-references
Result: NOTE
    Undeclared package ‘spacyr’ in Rd xrefs
Flavor: r-devel-linux-x86_64-fedora-clang