CRAN Package Check Results for Package rsvg

Last updated on 2022-01-22 07:52:56 CET.

Flavor Version Tinstall Tcheck Ttotal Status Flags
r-devel-linux-x86_64-debian-clang 2.1.2 2.91 39.19 42.10 OK
r-devel-linux-x86_64-debian-gcc 2.1.2 2.27 30.07 32.34 OK
r-devel-linux-x86_64-fedora-clang 2.1.2 52.48 OK
r-devel-linux-x86_64-fedora-gcc 2.1.2 40.90 OK
r-devel-windows-x86_64-new-UL 2.1.2 212.00 193.00 405.00 NOTE
r-devel-windows-x86_64-new-TK 2.1.2 OK
r-patched-linux-x86_64 2.1.2 2.47 36.42 38.89 OK
r-release-linux-x86_64 2.1.2 2.62 36.31 38.93 OK
r-release-macos-arm64 2.1.2 NOTE
r-release-macos-x86_64 2.1.2 NOTE
r-release-windows-ix86+x86_64 2.1.2 29.00 195.00 224.00 NOTE
r-oldrel-macos-x86_64 2.1.2 NOTE
r-oldrel-windows-ix86+x86_64 2.1.2 30.00 214.00 244.00 NOTE

Additional issues

M1mac

Check Details

Version: 2.1.2
Check: installed package size
Result: NOTE
     installed size is 15.2Mb
     sub-directories of 1Mb or more:
     libs 14.9Mb
Flavors: r-devel-windows-x86_64-new-UL, r-release-macos-arm64, r-release-macos-x86_64, r-release-windows-ix86+x86_64, r-oldrel-macos-x86_64, r-oldrel-windows-ix86+x86_64