CRAN Package Check Results for Package rstanemax

Last updated on 2021-12-03 19:50:25 CET.

Flavor Version Tinstall Tcheck Ttotal Status Flags
r-devel-linux-x86_64-debian-clang 0.1.3 114.91 156.79 271.70 NOTE
r-devel-linux-x86_64-debian-gcc 0.1.3 101.16 123.21 224.37 ERROR
r-devel-linux-x86_64-fedora-clang 0.1.3 386.15 NOTE
r-devel-linux-x86_64-fedora-gcc 0.1.3 375.16 NOTE
r-devel-windows-x86_64-new-UL 0.1.3 140.00 244.00 384.00 NOTE
r-devel-windows-x86_64-new-TK 0.1.3 NOTE
r-devel-windows-x86_64-old 0.1.3 144.00 190.00 334.00 NOTE
r-patched-linux-x86_64 0.1.3 109.23 152.49 261.72 NOTE
r-release-linux-x86_64 0.1.3 103.64 151.65 255.29 NOTE
r-release-macos-arm64 0.1.3 NOTE
r-release-macos-x86_64 0.1.3 NOTE
r-release-windows-ix86+x86_64 0.1.3 271.00 312.00 583.00 NOTE
r-oldrel-macos-x86_64 0.1.3 NOTE
r-oldrel-windows-ix86+x86_64 0.1.3 275.00 310.00 585.00 NOTE

Check Details

Version: 0.1.3
Check: for GNU extensions in Makefiles
Result: NOTE
    GNU make is a SystemRequirements.
Flavors: r-devel-linux-x86_64-debian-clang, r-devel-linux-x86_64-debian-gcc, r-devel-linux-x86_64-fedora-clang, r-devel-linux-x86_64-fedora-gcc, r-devel-windows-x86_64-new-UL, r-devel-windows-x86_64-new-TK, r-devel-windows-x86_64-old, r-patched-linux-x86_64, r-release-linux-x86_64, r-release-macos-arm64, r-release-macos-x86_64, r-release-windows-ix86+x86_64, r-oldrel-macos-x86_64, r-oldrel-windows-ix86+x86_64

Version: 0.1.3
Check: tests
Result: ERROR
     Running ‘spelling.R’ [0s/1s]
     Running ‘testthat.R’ [26s/42s]
    Running the tests in ‘tests/testthat.R’ failed.
    Complete output:
     > library(testthat)
     > library(rstanemax)
     Loading required package: Rcpp
     >
     > # options(lifecycle_verbosity = "error")
     > test_check("rstanemax")
     ══ Failed tests ════════════════════════════════════════════════════════════════
     ── Error (test-posterior_predict.R:68:3): posterior prediction with new data with covariates ──
     Error in `check_covs_in_data(data, param.cov)`: Covariate specified with `param.cov` does not exist in the dataset
     Backtrace:
     █
     1. └─rstanemax:::posterior_predict.stanemax(...) test-posterior_predict.R:68:2
     2. └─rstanemax:::create_model_frame(...)
     3. └─rstanemax:::check_covs_in_data(data, param.cov)
    
     [ FAIL 1 | WARN 0 | SKIP 0 | PASS 58 ]
     Error: Test failures
     Execution halted
Flavor: r-devel-linux-x86_64-debian-gcc

Version: 0.1.3
Check: installed package size
Result: NOTE
     installed size is 24.0Mb
     sub-directories of 1Mb or more:
     libs 23.4Mb
Flavors: r-devel-linux-x86_64-fedora-clang, r-release-macos-arm64, r-release-macos-x86_64, r-oldrel-macos-x86_64

Version: 0.1.3
Check: line endings in C/C++/Fortran sources/headers
Result: NOTE
    Found the following sources/headers with CR or CRLF line endings:
     src/stan_files/emax.hpp
    Some Unix compilers require LF line endings.
Flavor: r-devel-windows-x86_64-new-TK