CRAN Package Check Results for Package rstanarm

Last updated on 2019-11-21 08:49:56 CET.

Flavor Version Tinstall Tcheck Ttotal Status Flags
r-devel-linux-x86_64-debian-clang 2.19.2 1339.96 419.81 1759.77 NOTE
r-devel-linux-x86_64-debian-gcc 2.19.2 1118.36 357.05 1475.41 NOTE
r-devel-linux-x86_64-fedora-clang 2.19.2 2293.02 NOTE
r-devel-linux-x86_64-fedora-gcc 2.19.2 2811.02 NOTE
r-devel-windows-ix86+x86_64 2.19.2 2064.00 380.00 2444.00 NOTE --no-examples --no-tests --no-vignettes
r-devel-windows-ix86+x86_64-gcc8 2.19.2 2156.00 299.00 2455.00 NOTE --no-examples --no-tests --no-vignettes
r-patched-linux-x86_64 2.19.2 1359.14 420.49 1779.63 NOTE
r-patched-solaris-x86 2.19.2 1931.60 WARN
r-release-linux-x86_64 2.19.2 1331.77 425.40 1757.17 NOTE
r-release-windows-ix86+x86_64 2.19.2 2381.00 361.00 2742.00 NOTE --no-examples --no-tests --no-vignettes
r-release-osx-x86_64 2.19.2 WARN
r-oldrel-windows-ix86+x86_64 2.19.2 1651.00 393.00 2044.00 NOTE --no-examples --no-tests --no-vignettes
r-oldrel-osx-x86_64 2.19.2 WARN

Check Details

Version: 2.19.2
Check: for GNU extensions in Makefiles
Result: NOTE
    GNU make is a SystemRequirements.
Flavors: r-devel-linux-x86_64-debian-clang, r-devel-linux-x86_64-debian-gcc, r-devel-linux-x86_64-fedora-clang, r-devel-linux-x86_64-fedora-gcc, r-patched-linux-x86_64, r-patched-solaris-x86, r-release-linux-x86_64, r-release-osx-x86_64, r-oldrel-osx-x86_64

Version: 2.19.2
Check: installed package size
Result: NOTE
     installed size is 191.7Mb
     sub-directories of 1Mb or more:
     R 1.5Mb
     doc 1.2Mb
     libs 188.4Mb
Flavors: r-devel-linux-x86_64-fedora-clang, r-patched-solaris-x86, r-release-osx-x86_64, r-oldrel-osx-x86_64

Version: 2.19.2
Flags: --no-examples --no-tests --no-vignettes
Check: installed package size
Result: NOTE
     installed size is 21.0Mb
     sub-directories of 1Mb or more:
     R 1.5Mb
     doc 1.2Mb
     libs 17.8Mb
Flavors: r-devel-windows-ix86+x86_64, r-devel-windows-ix86+x86_64-gcc8, r-release-windows-ix86+x86_64, r-oldrel-windows-ix86+x86_64

Version: 2.19.2
Flags: --no-examples --no-tests --no-vignettes
Check: for GNU extensions in Makefiles
Result: NOTE
    GNU make is a SystemRequirements.
Flavors: r-devel-windows-ix86+x86_64, r-devel-windows-ix86+x86_64-gcc8, r-release-windows-ix86+x86_64, r-oldrel-windows-ix86+x86_64

Version: 2.19.2
Check: re-building of vignette outputs
Result: WARN
    Error(s) in re-building vignettes:
     ...
    --- re-building ‘aov.Rmd’ using rmarkdown
    Warning in engine$weave(file, quiet = quiet, encoding = enc) :
     Pandoc (>= 1.12.3) and/or pandoc-citeproc not available. Falling back to R Markdown v1.
    Quitting from lines 2-15 (./children/SETTINGS-knitr.txt)
    Quitting from lines NA-15 (./children/SETTINGS-knitr.txt)
    Error: processing vignette 'aov.Rmd' failed with diagnostics:
    object 'params' not found
    --- failed re-building ‘aov.Rmd’
    
    --- re-building ‘betareg.Rmd’ using rmarkdown
    Warning in engine$weave(file, quiet = quiet, encoding = enc) :
     Pandoc (>= 1.12.3) and/or pandoc-citeproc not available. Falling back to R Markdown v1.
    Quitting from lines 2-15 (./children/SETTINGS-knitr.txt)
    Quitting from lines NA-15 (./children/SETTINGS-knitr.txt)
    Error: processing vignette 'betareg.Rmd' failed with diagnostics:
    object 'params' not found
    --- failed re-building ‘betareg.Rmd’
    
    --- re-building ‘binomial.Rmd’ using rmarkdown
    Warning in engine$weave(file, quiet = quiet, encoding = enc) :
     Pandoc (>= 1.12.3) and/or pandoc-citeproc not available. Falling back to R Markdown v1.
    Quitting from lines 2-15 (./children/SETTINGS-knitr.txt)
    Quitting from lines NA-15 (./children/SETTINGS-knitr.txt)
    Error: processing vignette 'binomial.Rmd' failed with diagnostics:
    object 'params' not found
    --- failed re-building ‘binomial.Rmd’
    
    --- re-building ‘continuous.Rmd’ using rmarkdown
    Warning in engine$weave(file, quiet = quiet, encoding = enc) :
     Pandoc (>= 1.12.3) and/or pandoc-citeproc not available. Falling back to R Markdown v1.
    Quitting from lines 2-15 (./children/SETTINGS-knitr.txt)
    Quitting from lines NA-15 (./children/SETTINGS-knitr.txt)
    Error: processing vignette 'continuous.Rmd' failed with diagnostics:
    object 'params' not found
    --- failed re-building ‘continuous.Rmd’
    
    --- re-building ‘count.Rmd’ using rmarkdown
    Warning in engine$weave(file, quiet = quiet, encoding = enc) :
     Pandoc (>= 1.12.3) and/or pandoc-citeproc not available. Falling back to R Markdown v1.
    Quitting from lines 2-15 (./children/SETTINGS-knitr.txt)
    Quitting from lines NA-15 (./children/SETTINGS-knitr.txt)
    Error: processing vignette 'count.Rmd' failed with diagnostics:
    object 'params' not found
    --- failed re-building ‘count.Rmd’
    
    --- re-building ‘glmer.Rmd’ using rmarkdown
    Warning in engine$weave(file, quiet = quiet, encoding = enc) :
     Pandoc (>= 1.12.3) and/or pandoc-citeproc not available. Falling back to R Markdown v1.
    Quitting from lines 2-15 (./children/SETTINGS-knitr.txt)
    Quitting from lines NA-15 (./children/SETTINGS-knitr.txt)
    Error: processing vignette 'glmer.Rmd' failed with diagnostics:
    object 'params' not found
    --- failed re-building ‘glmer.Rmd’
    
    --- re-building ‘jm.Rmd’ using rmarkdown
    Warning in engine$weave(file, quiet = quiet, encoding = enc) :
     Pandoc (>= 1.12.3) and/or pandoc-citeproc not available. Falling back to R Markdown v1.
    Quitting from lines 2-15 (./children/SETTINGS-knitr.txt)
    Quitting from lines NA-15 (./children/SETTINGS-knitr.txt)
    Error: processing vignette 'jm.Rmd' failed with diagnostics:
    object 'params' not found
    --- failed re-building ‘jm.Rmd’
    
    --- re-building ‘lm.Rmd’ using rmarkdown
    Warning in engine$weave(file, quiet = quiet, encoding = enc) :
     Pandoc (>= 1.12.3) and/or pandoc-citeproc not available. Falling back to R Markdown v1.
    Quitting from lines 2-15 (./children/SETTINGS-knitr.txt)
    Quitting from lines NA-15 (./children/SETTINGS-knitr.txt)
    Error: processing vignette 'lm.Rmd' failed with diagnostics:
    object 'params' not found
    --- failed re-building ‘lm.Rmd’
    
    --- re-building ‘mrp.Rmd’ using rmarkdown
    Warning in engine$weave(file, quiet = quiet, encoding = enc) :
     Pandoc (>= 1.12.3) and/or pandoc-citeproc not available. Falling back to R Markdown v1.
    Quitting from lines 2-15 (./children/SETTINGS-knitr.txt)
    Quitting from lines NA-15 (./children/SETTINGS-knitr.txt)
    Error: processing vignette 'mrp.Rmd' failed with diagnostics:
    object 'params' not found
    --- failed re-building ‘mrp.Rmd’
    
    --- re-building ‘polr.Rmd’ using rmarkdown
    Warning in engine$weave(file, quiet = quiet, encoding = enc) :
     Pandoc (>= 1.12.3) and/or pandoc-citeproc not available. Falling back to R Markdown v1.
    Quitting from lines 2-15 (./children/SETTINGS-knitr.txt)
    Quitting from lines NA-15 (./children/SETTINGS-knitr.txt)
    Error: processing vignette 'polr.Rmd' failed with diagnostics:
    object 'params' not found
    --- failed re-building ‘polr.Rmd’
    
    --- re-building ‘pooling.Rmd’ using rmarkdown
    Warning in engine$weave(file, quiet = quiet, encoding = enc) :
     Pandoc (>= 1.12.3) and/or pandoc-citeproc not available. Falling back to R Markdown v1.
    Quitting from lines 17-30 (pooling.Rmd)
    Error: processing vignette 'pooling.Rmd' failed with diagnostics:
    object 'params' not found
    --- failed re-building ‘pooling.Rmd’
    
    --- re-building ‘priors.Rmd’ using rmarkdown
    Warning in engine$weave(file, quiet = quiet, encoding = enc) :
     Pandoc (>= 1.12.3) and/or pandoc-citeproc not available. Falling back to R Markdown v1.
    Quitting from lines 2-15 (./children/SETTINGS-knitr.txt)
    Quitting from lines NA-15 (./children/SETTINGS-knitr.txt)
    Error: processing vignette 'priors.Rmd' failed with diagnostics:
    object 'params' not found
    --- failed re-building ‘priors.Rmd’
    
    --- re-building ‘rstanarm.Rmd’ using rmarkdown
    Warning in engine$weave(file, quiet = quiet, encoding = enc) :
     Pandoc (>= 1.12.3) and/or pandoc-citeproc not available. Falling back to R Markdown v1.
    Quitting from lines 2-15 (./children/SETTINGS-knitr.txt)
    Quitting from lines NA-15 (./children/SETTINGS-knitr.txt)
    Error: processing vignette 'rstanarm.Rmd' failed with diagnostics:
    object 'params' not found
    --- failed re-building ‘rstanarm.Rmd’
    
    SUMMARY: processing the following files failed:
     ‘aov.Rmd’ ‘betareg.Rmd’ ‘binomial.Rmd’ ‘continuous.Rmd’ ‘count.Rmd’
     ‘glmer.Rmd’ ‘jm.Rmd’ ‘lm.Rmd’ ‘mrp.Rmd’ ‘polr.Rmd’ ‘pooling.Rmd’
     ‘priors.Rmd’ ‘rstanarm.Rmd’
    
    Error: Vignette re-building failed.
    Execution halted
Flavor: r-patched-solaris-x86

Version: 2.19.2
Check: re-building of vignette outputs
Result: WARN
    Error(s) in re-building vignettes:
    --- re-building ‘aov.Rmd’ using rmarkdown
    Warning in engine$weave(file, quiet = quiet, encoding = enc) :
     Pandoc (>= 1.12.3) and/or pandoc-citeproc not available. Falling back to R Markdown v1.
    Quitting from lines 2-15 (./children/SETTINGS-knitr.txt)
    Quitting from lines NA-15 (./children/SETTINGS-knitr.txt)
    Error: processing vignette 'aov.Rmd' failed with diagnostics:
    object 'params' not found
    --- failed re-building ‘aov.Rmd’
    
    --- re-building ‘betareg.Rmd’ using rmarkdown
    Warning in engine$weave(file, quiet = quiet, encoding = enc) :
     Pandoc (>= 1.12.3) and/or pandoc-citeproc not available. Falling back to R Markdown v1.
    Quitting from lines 2-15 (./children/SETTINGS-knitr.txt)
    Quitting from lines NA-15 (./children/SETTINGS-knitr.txt)
    Error: processing vignette 'betareg.Rmd' failed with diagnostics:
    object 'params' not found
    --- failed re-building ‘betareg.Rmd’
    
    --- re-building ‘binomial.Rmd’ using rmarkdown
    Warning in engine$weave(file, quiet = quiet, encoding = enc) :
     Pandoc (>= 1.12.3) and/or pandoc-citeproc not available. Falling back to R Markdown v1.
    Quitting from lines 2-15 (./children/SETTINGS-knitr.txt)
    Quitting from lines NA-15 (./children/SETTINGS-knitr.txt)
    Error: processing vignette 'binomial.Rmd' failed with diagnostics:
    object 'params' not found
    --- failed re-building ‘binomial.Rmd’
    
    --- re-building ‘continuous.Rmd’ using rmarkdown
    Warning in engine$weave(file, quiet = quiet, encoding = enc) :
     Pandoc (>= 1.12.3) and/or pandoc-citeproc not available. Falling back to R Markdown v1.
    Quitting from lines 2-15 (./children/SETTINGS-knitr.txt)
    Quitting from lines NA-15 (./children/SETTINGS-knitr.txt)
    Error: processing vignette 'continuous.Rmd' failed with diagnostics:
    object 'params' not found
    --- failed re-building ‘continuous.Rmd’
    
    --- re-building ‘count.Rmd’ using rmarkdown
    Warning in engine$weave(file, quiet = quiet, encoding = enc) :
     Pandoc (>= 1.12.3) and/or pandoc-citeproc not available. Falling back to R Markdown v1.
    Quitting from lines 2-15 (./children/SETTINGS-knitr.txt)
    Quitting from lines NA-15 (./children/SETTINGS-knitr.txt)
    Error: processing vignette 'count.Rmd' failed with diagnostics:
    object 'params' not found
    --- failed re-building ‘count.Rmd’
    
    --- re-building ‘glmer.Rmd’ using rmarkdown
    Warning in engine$weave(file, quiet = quiet, encoding = enc) :
     Pandoc (>= 1.12.3) and/or pandoc-citeproc not available. Falling back to R Markdown v1.
    Quitting from lines 2-15 (./children/SETTINGS-knitr.txt)
    Quitting from lines NA-15 (./children/SETTINGS-knitr.txt)
    Error: processing vignette 'glmer.Rmd' failed with diagnostics:
    object 'params' not found
    --- failed re-building ‘glmer.Rmd’
    
    --- re-building ‘jm.Rmd’ using rmarkdown
    Warning in engine$weave(file, quiet = quiet, encoding = enc) :
     Pandoc (>= 1.12.3) and/or pandoc-citeproc not available. Falling back to R Markdown v1.
    Quitting from lines 2-15 (./children/SETTINGS-knitr.txt)
    Quitting from lines NA-15 (./children/SETTINGS-knitr.txt)
    Error: processing vignette 'jm.Rmd' failed with diagnostics:
    object 'params' not found
    --- failed re-building ‘jm.Rmd’
    
    --- re-building ‘lm.Rmd’ using rmarkdown
    Warning in engine$weave(file, quiet = quiet, encoding = enc) :
     Pandoc (>= 1.12.3) and/or pandoc-citeproc not available. Falling back to R Markdown v1.
    Quitting from lines 2-15 (./children/SETTINGS-knitr.txt)
    Quitting from lines NA-15 (./children/SETTINGS-knitr.txt)
    Error: processing vignette 'lm.Rmd' failed with diagnostics:
    object 'params' not found
    --- failed re-building ‘lm.Rmd’
    
    --- re-building ‘mrp.Rmd’ using rmarkdown
    Warning in engine$weave(file, quiet = quiet, encoding = enc) :
     Pandoc (>= 1.12.3) and/or pandoc-citeproc not available. Falling back to R Markdown v1.
    Quitting from lines 2-15 (./children/SETTINGS-knitr.txt)
    Quitting from lines NA-15 (./children/SETTINGS-knitr.txt)
    Error: processing vignette 'mrp.Rmd' failed with diagnostics:
    object 'params' not found
    --- failed re-building ‘mrp.Rmd’
    
    --- re-building ‘polr.Rmd’ using rmarkdown
    Warning in engine$weave(file, quiet = quiet, encoding = enc) :
     Pandoc (>= 1.12.3) and/or pandoc-citeproc not available. Falling back to R Markdown v1.
    Quitting from lines 2-15 (./children/SETTINGS-knitr.txt)
    Quitting from lines NA-15 (./children/SETTINGS-knitr.txt)
    Error: processing vignette 'polr.Rmd' failed with diagnostics:
    object 'params' not found
    --- failed re-building ‘polr.Rmd’
    
    --- re-building ‘pooling.Rmd’ using rmarkdown
    Warning in engine$weave(file, quiet = quiet, encoding = enc) :
     Pandoc (>= 1.12.3) and/or pandoc-citeproc not available. Falling back to R Markdown v1.
    Quitting from lines 17-30 (pooling.Rmd)
    Error: processing vignette 'pooling.Rmd' failed with diagnostics:
    object 'params' not found
    --- failed re-building ‘pooling.Rmd’
    
    --- re-building ‘priors.Rmd’ using rmarkdown
    Warning in engine$weave(file, quiet = quiet, encoding = enc) :
     Pandoc (>= 1.12.3) and/or pandoc-citeproc not available. Falling back to R Markdown v1.
    Quitting from lines 2-15 (./children/SETTINGS-knitr.txt)
    Quitting from lines NA-15 (./children/SETTINGS-knitr.txt)
    Error: processing vignette 'priors.Rmd' failed with diagnostics:
    object 'params' not found
    --- failed re-building ‘priors.Rmd’
    
    --- re-building ‘rstanarm.Rmd’ using rmarkdown
    Warning in engine$weave(file, quiet = quiet, encoding = enc) :
     Pandoc (>= 1.12.3) and/or pandoc-citeproc not available. Falling back to R Markdown v1.
    Quitting from lines 2-15 (./children/SETTINGS-knitr.txt)
    Quitting from lines NA-15 (./children/SETTINGS-knitr.txt)
    Error: processing vignette 'rstanarm.Rmd' failed with diagnostics:
    object 'params' not found
    --- failed re-building ‘rstanarm.Rmd’
    
    SUMMARY: processing the following files failed:
     ‘aov.Rmd’ ‘betareg.Rmd’ ‘binomial.Rmd’ ‘continuous.Rmd’ ‘count.Rmd’
     ‘glmer.Rmd’ ‘jm.Rmd’ ‘lm.Rmd’ ‘mrp.Rmd’ ‘polr.Rmd’ ‘pooling.Rmd’
     ‘priors.Rmd’ ‘rstanarm.Rmd’
    
    Error: Vignette re-building failed.
    Execution halted
Flavor: r-release-osx-x86_64

Version: 2.19.2
Check: re-building of vignette outputs
Result: WARN
    Error in re-building vignettes:
     ...
    Warning in engine$weave(file, quiet = quiet, encoding = enc) :
     Pandoc (>= 1.12.3) and/or pandoc-citeproc not available. Falling back to R Markdown v1.
    Quitting from lines 2-15 (./children/SETTINGS-knitr.txt)
    Quitting from lines NA-15 (./children/SETTINGS-knitr.txt)
    Error: processing vignette 'aov.Rmd' failed with diagnostics:
    object 'params' not found
    Execution halted
Flavor: r-oldrel-osx-x86_64