CRAN Package Check Results for Package rstan

Last updated on 2021-11-28 07:50:55 CET.

Flavor Version Tinstall Tcheck Ttotal Status Flags
r-devel-linux-x86_64-debian-clang 2.21.2 NOTE
r-devel-linux-x86_64-debian-gcc 2.21.2 721.70 291.52 1013.22 NOTE
r-devel-linux-x86_64-fedora-clang 2.21.2 1583.58 NOTE
r-devel-linux-x86_64-fedora-gcc 2.21.2 1849.13 NOTE
r-devel-windows-x86_64-new-UL 2.21.2 1044.00 719.00 1763.00 NOTE
r-devel-windows-x86_64-new-TK 2.21.2 NOTE
r-devel-windows-x86_64-old 2.21.2 871.00 660.00 1531.00 NOTE
r-patched-linux-x86_64 2.21.2 832.87 465.48 1298.35 NOTE
r-patched-solaris-x86 2.21.2 1640.30 NOTE
r-release-linux-x86_64 2.21.2 830.84 462.16 1293.00 NOTE
r-release-macos-arm64 2.21.2 FAIL
r-release-macos-x86_64 2.21.2 NOTE
r-release-windows-ix86+x86_64 2.21.2 1910.00 456.00 2366.00 NOTE
r-oldrel-macos-x86_64 2.21.2 NOTE
r-oldrel-windows-ix86+x86_64 2.21.2 1621.00 612.00 2233.00 NOTE

Check Details

Version: 2.21.2
Check: for GNU extensions in Makefiles
Result: NOTE
    GNU make is a SystemRequirements.
Flavors: r-devel-linux-x86_64-debian-clang, r-devel-linux-x86_64-debian-gcc, r-devel-linux-x86_64-fedora-clang, r-devel-linux-x86_64-fedora-gcc, r-devel-windows-x86_64-new-UL, r-devel-windows-x86_64-new-TK, r-devel-windows-x86_64-old, r-patched-linux-x86_64, r-patched-solaris-x86, r-release-linux-x86_64, r-release-windows-ix86+x86_64, r-oldrel-windows-ix86+x86_64

Version: 2.21.2
Check: installed package size
Result: NOTE
     installed size is 193.9Mb
     sub-directories of 1Mb or more:
     lib 27.7Mb
     libs 163.4Mb
Flavors: r-devel-linux-x86_64-fedora-clang, r-devel-windows-x86_64-new-UL, r-devel-windows-x86_64-old, r-patched-solaris-x86, r-release-macos-arm64, r-release-macos-x86_64, r-release-windows-ix86+x86_64, r-oldrel-macos-x86_64, r-oldrel-windows-ix86+x86_64

Version: 2.21.2
Check: Rd cross-references
Result: NOTE
    Undeclared packages ‘coda’, ‘rstanarm’ in Rd xrefs
Flavor: r-devel-linux-x86_64-fedora-clang

Version: 2.21.2
Check: whether the namespace can be unloaded cleanly
Result: FAIL
Flavor: r-release-macos-arm64