CRAN Package Check Results for Package rspm

Last updated on 2024-06-16 21:52:21 CEST.

Flavor Version Tinstall Tcheck Ttotal Status Flags
r-devel-linux-x86_64-debian-clang 0.5.3 2.03 25.12 27.15 ERROR
r-devel-linux-x86_64-debian-gcc 0.5.3 2.12 54.51 56.63 OK
r-devel-linux-x86_64-fedora-clang 0.5.3 38.55 OK
r-devel-linux-x86_64-fedora-gcc 0.5.3 36.53 OK
r-patched-linux-x86_64 0.5.3 2.52 24.48 27.00 ERROR
r-release-linux-x86_64 0.5.3 2.55 25.05 27.60 ERROR
r-release-macos-arm64 0.5.3 19.00 OK
r-release-macos-x86_64 0.5.3 25.00 OK
r-oldrel-macos-arm64 0.5.3 27.00 OK
r-oldrel-macos-x86_64 0.5.3 39.00 OK

Check Details

Version: 0.5.3
Check: tests
Result: ERROR Running ‘tinytest.R’ [0s/1s] Running the tests in ‘tests/tinytest.R’ failed. Complete output: > tmp_user_dir <- tempdir() > Sys.setenv(RSPM_USER_DIR=tmp_user_dir) > > if (requireNamespace("tinytest", quietly=TRUE)) { + home <- identical(Sys.getenv("CI"), "true") + tinytest::test_package("rspm", at_home=home) + } test_integration.R............ 0 tests test_integration.R............ 1 tests <1b>[0;32mOK<1b>[0m test_integration.R............ 2 tests <1b>[0;32mOK<1b>[0m test_integration.R............ 2 tests <1b>[0;32mOK<1b>[0m test_integration.R............ 3 tests <1b>[0;32mOK<1b>[0m Error: please, install the following required utilities: apt-file Execution halted Flavors: r-devel-linux-x86_64-debian-clang, r-patched-linux-x86_64, r-release-linux-x86_64