CRAN Package Check Results for Package rsolr

Last updated on 2021-01-26 07:50:27 CET.

Flavor Version Tinstall Tcheck Ttotal Status Flags
r-devel-linux-x86_64-debian-clang 0.0.10 34.47 159.06 193.53 OK --no-vignettes
r-devel-linux-x86_64-debian-gcc 0.0.10 30.93 120.19 151.12 OK --no-vignettes
r-devel-windows-ix86+x86_64 0.0.10 65.00 0.00 65.00 FAIL
r-patched-linux-x86_64 0.0.10 33.63 147.72 181.35 OK --no-vignettes
r-release-linux-x86_64 0.0.10 32.41 148.58 180.99 OK --no-vignettes
r-release-macos-x86_64 0.0.10 WARN
r-release-windows-ix86+x86_64 0.0.10 66.00 0.00 66.00 FAIL
r-oldrel-macos-x86_64 0.0.10 ERROR
r-oldrel-windows-ix86+x86_64 0.0.10 49.00 0.00 49.00 FAIL

Check Details

Version: 0.0.10
Check: tests
Result: FAIL
    Check process probably crashed or hung up for 20 minutes ... killed
    Most likely this happened in the example checks (?),
    if not, ignore the following last lines of example output:
    > ### Name: SolrList-class
    > ### Title: SolrList
    > ### Aliases: class:SolrList SolrList-class length,SolrList-method
    > ### names,SolrList-method [<-,SolrList,ANY,ANY,ANY-method
    > ### [[,SolrList,ANY-method [,SolrList-method [[,SolrList-method
    > ### [[<-,SolrList-method unique,SolrList-method searchDocs
    > ### searchDocs,Solr SolrList coerce,Solr,SolrList-method
    > ### coerce,SolrList,DocCollection-method show,SolrList-method
    > ### Keywords: methods classes
    >
    > ### ** Examples
    >
    >
    >
    >
    > ### * <FOOTER>
    > ###
    > cleanEx()
    > options(digits = 7L)
    > base::cat("Time elapsed: ", proc.time() - base::get("ptime", pos = 'CheckExEnv'),"\n")
    Time elapsed: 4.91 0.24 5.15 NA NA
    > grDevices::dev.off()
    null device
     1
    > ###
    > ### Local variables: ***
    > ### mode: outline-minor ***
    > ### outline-regexp: "\\(> \\)?### [*]+" ***
    > ### End: ***
    > quit('no')
    ======== End of example output (where/before crash/hang up occured ?) ========
Flavor: r-devel-windows-ix86+x86_64

Version: 0.0.10
Check: running R code from vignettes
Result: WARN
    Errors in running code in vignettes:
    when running code in ‘intro.Rnw’
     ...
    > library(nycflights13)
    
    > dim(flights)
    [1] 336776 19
    
    > head(flights)
    
     When sourcing ‘intro.R’:
    Error: there is no package called ‘cli’
    Execution halted
    
     ‘intro.Rnw’... failed
Flavor: r-release-macos-x86_64

Version: 0.0.10
Check: re-building of vignette outputs
Result: NOTE
    Error(s) in re-building vignettes:
     ...
    --- re-building ‘intro.Rnw’ using Sweave
    Error: processing vignette 'intro.Rnw' failed with diagnostics:
    there is no package called ‘cli’
    --- failed re-building ‘intro.Rnw’
    
    SUMMARY: processing the following file failed:
     ‘intro.Rnw’
    
    Error: Vignette re-building failed.
    Execution halted
Flavor: r-release-macos-x86_64

Version: 0.0.10
Check: tests
Result: FAIL
    Check process probably crashed or hung up for 20 minutes ... killed
    Most likely this happened in the example checks (?),
    if not, ignore the following last lines of example output:
    > ### Name: SolrList-class
    > ### Title: SolrList
    > ### Aliases: class:SolrList SolrList-class length,SolrList-method
    > ### names,SolrList-method [<-,SolrList,ANY,ANY,ANY-method
    > ### [[,SolrList,ANY-method [,SolrList-method [[,SolrList-method
    > ### [[<-,SolrList-method unique,SolrList-method searchDocs
    > ### searchDocs,Solr SolrList coerce,Solr,SolrList-method
    > ### coerce,SolrList,DocCollection-method show,SolrList-method
    > ### Keywords: methods classes
    >
    > ### ** Examples
    >
    >
    >
    >
    > ### * <FOOTER>
    > ###
    > cleanEx()
    > options(digits = 7L)
    > base::cat("Time elapsed: ", proc.time() - base::get("ptime", pos = 'CheckExEnv'),"\n")
    Time elapsed: 3.23 0.17 3.41 NA NA
    > grDevices::dev.off()
    null device
     1
    > ###
    > ### Local variables: ***
    > ### mode: outline-minor ***
    > ### outline-regexp: "\\(> \\)?### [*]+" ***
    > ### End: ***
    > quit('no')
    ======== End of example output (where/before crash/hang up occured ?) ========
Flavor: r-release-windows-ix86+x86_64

Version: 0.0.10
Check: tests
Result: ERROR
     Running ‘rsolr_unit_tests.R’ [8s/46s]
    Running the tests in ‘tests/rsolr_unit_tests.R’ failed.
    Last 13 lines of output:
     63 144M 63 91.3M 0 0 2922k 0 0:00:50 0:00:32 0:00:18 5136k
     66 144M 66 96.2M 0 0 2983k 0 0:00:49 0:00:33 0:00:16 5026k
     69 144M 69 101M 0 0 3042k 0 0:00:48 0:00:34 0:00:14 5007k
     73 144M 73 105M 0 0 3098k 0 0:00:47 0:00:35 0:00:12 4952k
     76 144M 76 111M 0 0 3160k 0 0:00:46 0:00:36 0:00:10 5099k
     80 144M 80 116M 0 0 3212k 0 0:00:46 0:00:37 0:00:09 5054k
     83 144M 83 121M 0 0 3260k 0 0:00:45 0:00:38 0:00:07 5105k
     87 144M 87 126M 0 0 3305k 0 0:00:44 0:00:39 0:00:05 5089k
     90 144M 90 131M 0 0 3352k 0 0:00:44 0:00:40 0:00:04 5128k
     93 144M 93 135M 0 0 3392k 0 0:00:43 0:00:41 0:00:02 5065k
     97 144M 97 140M 0 0 3431k 0 0:00:43 0:00:42 0:00:01 5066k
     100 144M 100 144M 0 0 3464k 0 0:00:42 0:00:42 --:--:-- 5085k
     Error in unzip(file, exdir = exdir) : 'exdir' does not exist
     Calls: <Anonymous> ... runSolr -> maybeInstallSolr -> installSolr -> unpack -> unzip
     Execution halted
Flavor: r-oldrel-macos-x86_64

Version: 0.0.10
Check: running R code from vignettes
Result: ERROR
    Errors in running code in vignettes:
    when running code in ‘intro.Rnw’
     ...
     84 144M 84 121M 0 0 3192k 0 0:00:46 0:00:39 0:00:07 4908k
     87 144M 87 126M 0 0 3237k 0 0:00:45 0:00:40 0:00:05 4896k
     90 144M 90 131M 0 0 3275k 0 0:00:45 0:00:40 0:00:05 4923k
     94 144M 94 136M 0 0 3320k 0 0:00:44 0:00:42 0:00:02 4965k
     97 144M 97 140M 0 0 3356k 0 0:00:44 0:00:43 0:00:01 4957k
    100 144M 100 144M 0 0 3386k 0 0:00:43 0:00:43 --:--:-- 4979k
    
     When sourcing ‘intro.R’:
    Error: 'exdir' does not exist
    Execution halted
    
     ‘intro.Rnw’... failed
Flavor: r-oldrel-macos-x86_64

Version: 0.0.10
Check: re-building of vignette outputs
Result: NOTE
    Error(s) in re-building vignettes:
    --- re-building ‘intro.Rnw’ using Sweave
    Loading required package: BiocGenerics
    Loading required package: parallel
    
    Attaching package: ‘BiocGenerics’
    
    The following objects are masked from ‘package:parallel’:
    
     clusterApply, clusterApplyLB, clusterCall, clusterEvalQ,
     clusterExport, clusterMap, parApply, parCapply, parLapply,
     parLapplyLB, parRapply, parSapply, parSapplyLB
    
    The following objects are masked from ‘package:stats’:
    
     IQR, mad, sd, var, xtabs
    
    The following objects are masked from ‘package:base’:
    
     Filter, Find, Map, Position, Reduce, anyDuplicated, append,
     as.data.frame, basename, cbind, colnames, dirname, do.call,
     duplicated, eval, evalq, get, grep, grepl, intersect, is.unsorted,
     lapply, mapply, match, mget, order, paste, pmax, pmax.int, pmin,
     pmin.int, rank, rbind, rownames, sapply, setdiff, sort, table,
     tapply, union, unique, unsplit, which, which.max, which.min
    
    
    Attaching package: ‘rsolr’
    
    The following object is masked from ‘package:stats’:
    
     ftable
    
    The following object is masked from ‘package:base’:
    
     grouping
    
    Starting Solr...
    Use options(verbose=TRUE) to diagnose any problems.
    Solr not found
    Solr installation not found, installing...
     % Total % Received % Xferd Average Speed Time Time Time Current
     Dload Upload Total Spent Left Speed
    
     0 0 0 0 0 0 0 0 --:--:-- --:--:-- --:--:-- 0
     0 0 0 0 0 0 0 0 --:--:-- --:--:-- --:--:-- 0
    100 180 100 180 0 0 181 0 --:--:-- --:--:-- --:--:-- 181
    
    100 663 100 663 0 0 646 0 0:00:01 0:00:01 --:--:-- 646
    
     0 0 0 0 0 0 0 0 --:--:-- 0:00:01 --:--:-- 0
     0 144M 0 0 0 0 0 0 --:--:-- 0:00:02 --:--:-- 0
     0 144M 0 101k 0 0 32641 0 1:17:30 0:00:03 1:17:27 53712
     0 144M 0 186k 0 0 45214 0 0:55:57 0:00:04 0:55:53 64211
     0 144M 0 304k 0 0 60248 0 0:41:59 0:00:05 0:41:54 79414
     0 144M 0 424k 0 0 70959 0 0:35:39 0:00:06 0:35:33 89140
     0 144M 0 594k 0 0 83768 0 0:30:12 0:00:07 0:30:05 115k
     0 144M 0 815k 0 0 100k 0 0:24:38 0:00:08 0:24:30 144k
     0 144M 0 1155k 0 0 125k 0 0:19:36 0:00:09 0:19:27 195k
     1 144M 1 1699k 0 0 167k 0 0:14:42 0:00:10 0:14:32 281k
     1 144M 1 2701k 0 0 241k 0 0:10:13 0:00:11 0:10:02 450k
     2 144M 2 3926k 0 0 323k 0 0:07:38 0:00:12 0:07:26 685k
     3 144M 3 5761k 0 0 437k 0 0:05:39 0:00:13 0:05:26 979k
     5 144M 5 8159k 0 0 577k 0 0:04:16 0:00:14 0:04:02 1411k
     7 144M 7 11.3M 0 0 769k 0 0:03:12 0:00:15 0:02:57 1991k
     10 144M 10 15.8M 0 0 1006k 0 0:02:27 0:00:16 0:02:11 2733k
     14 144M 14 20.5M 0 0 1223k 0 0:02:01 0:00:17 0:01:44 3389k
     17 144M 17 25.2M 0 0 1425k 0 0:01:43 0:00:18 0:01:25 4058k
     20 144M 20 30.1M 0 0 1618k 0 0:01:31 0:00:19 0:01:12 4581k
     24 144M 24 35.4M 0 0 1800k 0 0:01:22 0:00:20 0:01:02 4887k
     27 144M 27 40.4M 0 0 1953k 0 0:01:15 0:00:21 0:00:54 4982k
     31 144M 31 45.1M 0 0 2089k 0 0:01:10 0:00:22 0:00:48 5091k
     34 144M 34 50.2M 0 0 2227k 0 0:01:06 0:00:23 0:00:43 5156k
     38 144M 38 55.5M 0 0 2356k 0 0:01:02 0:00:24 0:00:38 5150k
     41 144M 41 60.3M 0 0 2463k 0 0:01:00 0:00:25 0:00:35 5155k
     44 144M 44 64.9M 0 0 2544k 0 0:00:58 0:00:26 0:00:32 5066k
     48 144M 48 69.7M 0 0 2636k 0 0:00:56 0:00:27 0:00:29 5070k
     51 144M 51 75.0M 0 0 2728k 0 0:00:54 0:00:28 0:00:26 5009k
     55 144M 55 79.7M 0 0 2804k 0 0:00:52 0:00:29 0:00:23 4977k
     58 144M 58 84.4M 0 0 2869k 0 0:00:51 0:00:30 0:00:21 4894k
     61 144M 61 89.4M 0 0 2943k 0 0:00:50 0:00:31 0:00:19 5046k
     65 144M 65 94.4M 0 0 3012k 0 0:00:49 0:00:32 0:00:17 5050k
     68 144M 68 99.4M 0 0 3073k 0 0:00:48 0:00:33 0:00:15 5041k
     72 144M 72 104M 0 0 3128k 0 0:00:47 0:00:34 0:00:13 5014k
     75 144M 75 109M 0 0 3193k 0 0:00:46 0:00:35 0:00:11 5162k
     79 144M 79 114M 0 0 3251k 0 0:00:45 0:00:36 0:00:09 5166k
     82 144M 82 119M 0 0 3301k 0 0:00:44 0:00:37 0:00:07 5151k
     86 144M 86 124M 0 0 3348k 0 0:00:44 0:00:38 0:00:06 5165k
     89 144M 89 129M 0 0 3397k 0 0:00:43 0:00:39 0:00:04 5231k
     93 144M 93 134M 0 0 3443k 0 0:00:43 0:00:40 0:00:03 5193k
     96 144M 96 139M 0 0 3480k 0 0:00:42 0:00:41 0:00:01 5131k
     99 144M 99 144M 0 0 3519k 0 0:00:42 0:00:42 --:--:-- 5135k
    100 144M 100 144M 0 0 3519k 0 0:00:42 0:00:42 --:--:-- 5154k
    
    Error: processing vignette 'intro.Rnw' failed with diagnostics:
     chunk 2 (label = startSolr)
    Error in unzip(file, exdir = exdir) : 'exdir' does not exist
    
    --- failed re-building ‘intro.Rnw’
    
    SUMMARY: processing the following file failed:
     ‘intro.Rnw’
    
    Error: Vignette re-building failed.
    Execution halted
Flavor: r-oldrel-macos-x86_64

Version: 0.0.10
Check: tests
Result: FAIL
    Check process probably crashed or hung up for 20 minutes ... killed
    Most likely this happened in the example checks (?),
    if not, ignore the following last lines of example output:
    > ### Name: SolrList-class
    > ### Title: SolrList
    > ### Aliases: class:SolrList SolrList-class length,SolrList-method
    > ### names,SolrList-method [<-,SolrList,ANY,ANY,ANY-method
    > ### [[,SolrList,ANY-method [,SolrList-method [[,SolrList-method
    > ### [[<-,SolrList-method unique,SolrList-method searchDocs
    > ### searchDocs,Solr SolrList coerce,Solr,SolrList-method
    > ### coerce,SolrList,DocCollection-method show,SolrList-method
    > ### Keywords: methods classes
    >
    > ### ** Examples
    >
    >
    >
    >
    > ### * <FOOTER>
    > ###
    > cleanEx()
    > options(digits = 7L)
    > base::cat("Time elapsed: ", proc.time() - base::get("ptime", pos = 'CheckExEnv'),"\n")
    Time elapsed: 4.41 0.11 4.54 NA NA
    > grDevices::dev.off()
    null device
     1
    > ###
    > ### Local variables: ***
    > ### mode: outline-minor ***
    > ### outline-regexp: "\\(> \\)?### [*]+" ***
    > ### End: ***
    > quit('no')
    ======== End of example output (where/before crash/hang up occured ?) ========
Flavor: r-oldrel-windows-ix86+x86_64