CRAN Package Check Results for Package rslp

Last updated on 2019-08-17 11:47:35 CEST.

Flavor Version Tinstall Tcheck Ttotal Status Flags
r-devel-linux-x86_64-debian-clang 0.1.0 1.92 21.86 23.78 ERROR
r-devel-linux-x86_64-debian-gcc 0.1.0 1.63 17.54 19.17 OK
r-devel-linux-x86_64-fedora-clang 0.1.0 28.62 OK
r-devel-linux-x86_64-fedora-gcc 0.1.0 27.65 OK
r-devel-windows-ix86+x86_64 0.1.0 6.00 39.00 45.00 OK
r-patched-linux-x86_64 0.1.0 1.69 21.54 23.23 OK
r-patched-solaris-x86 0.1.0 46.10 OK
r-release-linux-x86_64 0.1.0 1.73 21.74 23.47 OK
r-release-windows-ix86+x86_64 0.1.0 6.00 48.00 54.00 OK
r-release-osx-x86_64 0.1.0 OK
r-oldrel-windows-ix86+x86_64 0.1.0 3.00 53.00 56.00 OK
r-oldrel-osx-x86_64 0.1.0 OK

Check Details

Version: 0.1.0
Check: examples
Result: ERROR
    Running examples in 'rslp-Ex.R' failed
    The error most likely occurred in:
    
    > base::assign(".ptime", proc.time(), pos = "CheckExEnv")
    > ### Name: apply_rules
    > ### Title: Apply rules
    > ### Aliases: apply_rules
    >
    > ### ** Examples
    >
    > steprules <- readRDS(system.file("steprules.rds", package = "rslp"))
    > rslp:::apply_rules("balões", name = "Plural", steprules)
    Warning in stri_length(string) :
     invalid UTF-8 byte sequence detected; try calling stri_enc_toutf8()
    Error in if (word_len >= rules$min_word_len) { :
     missing value where TRUE/FALSE needed
    Calls: <Anonymous>
    Execution halted
Flavor: r-devel-linux-x86_64-debian-clang