CRAN Package Check Results for Package rslp

Last updated on 2019-12-07 08:49:42 CET.

Flavor Version Tinstall Tcheck Ttotal Status Flags
r-devel-linux-x86_64-debian-clang 0.1.0 2.03 23.93 25.96 ERROR
r-devel-linux-x86_64-debian-gcc 0.1.0 1.73 18.76 20.49 OK
r-devel-linux-x86_64-fedora-clang 0.1.0 30.19 OK
r-devel-linux-x86_64-fedora-gcc 0.1.0 29.53 OK
r-devel-windows-ix86+x86_64 0.1.0 4.00 56.00 60.00 OK
r-devel-windows-ix86+x86_64-gcc8 0.1.0 7.00 62.00 69.00 OK
r-patched-linux-x86_64 0.1.0 1.70 22.21 23.91 OK
r-patched-solaris-x86 0.1.0 44.20 OK
r-release-linux-x86_64 0.1.0 1.28 22.24 23.52 OK
r-release-windows-ix86+x86_64 0.1.0 5.00 37.00 42.00 OK
r-release-osx-x86_64 0.1.0 OK
r-oldrel-windows-ix86+x86_64 0.1.0 2.00 49.00 51.00 OK
r-oldrel-osx-x86_64 0.1.0 OK

Check Details

Version: 0.1.0
Check: examples
Result: ERROR
    Running examples in 'rslp-Ex.R' failed
    The error most likely occurred in:
    
    > base::assign(".ptime", proc.time(), pos = "CheckExEnv")
    > ### Name: apply_rules
    > ### Title: Apply rules
    > ### Aliases: apply_rules
    >
    > ### ** Examples
    >
    > steprules <- readRDS(system.file("steprules.rds", package = "rslp"))
    > rslp:::apply_rules("balões", name = "Plural", steprules)
    Warning in stri_length(string) :
     invalid UTF-8 byte sequence detected; try calling stri_enc_toutf8()
    Error in if (word_len >= rules$min_word_len) { :
     missing value where TRUE/FALSE needed
    Calls: <Anonymous>
    Execution halted
Flavor: r-devel-linux-x86_64-debian-clang