CRAN Package Check Results for Package rsinaica

Last updated on 2019-08-21 10:47:37 CEST.

Flavor Version Tinstall Tcheck Ttotal Status Flags
r-devel-linux-x86_64-debian-clang 0.6.1 5.24 40.88 46.12 OK
r-devel-linux-x86_64-debian-gcc 0.6.1 4.40 31.83 36.23 OK
r-devel-linux-x86_64-fedora-clang 0.6.1 55.14 NOTE
r-devel-linux-x86_64-fedora-gcc 0.6.1 54.96 NOTE
r-devel-windows-ix86+x86_64 0.6.1 17.00 63.00 80.00 OK
r-patched-linux-x86_64 0.6.1 4.99 39.08 44.07 OK
r-patched-solaris-x86 0.6.1 79.90 NOTE
r-release-linux-x86_64 0.6.1 4.67 39.18 43.85 OK
r-release-windows-ix86+x86_64 0.6.1 10.00 53.00 63.00 OK
r-release-osx-x86_64 0.6.1 NOTE
r-oldrel-windows-ix86+x86_64 0.6.1 10.00 80.00 90.00 OK
r-oldrel-osx-x86_64 0.6.1 NOTE

Check Details

Version: 0.6.1
Check: data for non-ASCII characters
Result: NOTE
     Note: found 467 marked UTF-8 strings
Flavors: r-devel-linux-x86_64-fedora-clang, r-devel-linux-x86_64-fedora-gcc, r-patched-solaris-x86, r-release-osx-x86_64, r-oldrel-osx-x86_64