CRAN Package Check Results for Package rsinaica

Last updated on 2019-12-07 08:49:42 CET.

Flavor Version Tinstall Tcheck Ttotal Status Flags
r-devel-linux-x86_64-debian-clang 0.6.1 5.76 43.52 49.28 OK
r-devel-linux-x86_64-debian-gcc 0.6.1 4.74 33.62 38.36 OK
r-devel-linux-x86_64-fedora-clang 0.6.1 56.87 NOTE
r-devel-linux-x86_64-fedora-gcc 0.6.1 54.65 NOTE
r-devel-windows-ix86+x86_64 0.6.1 13.00 85.00 98.00 OK
r-devel-windows-ix86+x86_64-gcc8 0.6.1 13.00 98.00 111.00 OK
r-patched-linux-x86_64 0.6.1 4.15 39.06 43.21 OK
r-patched-solaris-x86 0.6.1 81.50 NOTE
r-release-linux-x86_64 0.6.1 4.12 39.36 43.48 OK
r-release-windows-ix86+x86_64 0.6.1 12.00 57.00 69.00 OK
r-release-osx-x86_64 0.6.1 NOTE
r-oldrel-windows-ix86+x86_64 0.6.1 6.00 81.00 87.00 OK
r-oldrel-osx-x86_64 0.6.1 NOTE

Check Details

Version: 0.6.1
Check: data for non-ASCII characters
Result: NOTE
     Note: found 467 marked UTF-8 strings
Flavors: r-devel-linux-x86_64-fedora-clang, r-devel-linux-x86_64-fedora-gcc, r-patched-solaris-x86, r-release-osx-x86_64, r-oldrel-osx-x86_64