CRAN Package Check Results for Package rsf

Last updated on 2021-12-07 19:49:57 CET.

Flavor Version Tinstall Tcheck Ttotal Status Flags
r-devel-linux-x86_64-debian-clang 0.2.2 2.03 27.94 29.97 NOTE
r-devel-linux-x86_64-debian-gcc 0.2.2 1.83 22.69 24.52 NOTE
r-devel-linux-x86_64-fedora-clang 0.2.2 38.25 NOTE
r-devel-linux-x86_64-fedora-gcc 0.2.2 27.17 NOTE
r-devel-windows-x86_64-new-UL 0.2.2 8.00 57.00 65.00 NOTE
r-devel-windows-x86_64-new-TK 0.2.2 NOTE
r-devel-windows-x86_64-old 0.2.2 5.00 33.00 38.00 NOTE
r-patched-linux-x86_64 0.2.2 1.38 27.34 28.72 NOTE
r-release-linux-x86_64 0.2.2 2.20 27.26 29.46 NOTE
r-release-macos-arm64 0.2.2 NOTE
r-release-macos-x86_64 0.2.2 NOTE
r-release-windows-ix86+x86_64 0.2.2 5.00 36.00 41.00 NOTE
r-oldrel-macos-x86_64 0.2.2 OK
r-oldrel-windows-ix86+x86_64 0.2.2 6.00 35.00 41.00 OK

Check Details

Version: 0.2.2
Check: LazyData
Result: NOTE
     'LazyData' is specified without a 'data' directory
Flavors: r-devel-linux-x86_64-debian-clang, r-devel-linux-x86_64-debian-gcc, r-devel-linux-x86_64-fedora-clang, r-devel-linux-x86_64-fedora-gcc, r-devel-windows-x86_64-new-UL, r-devel-windows-x86_64-new-TK, r-devel-windows-x86_64-old, r-patched-linux-x86_64, r-release-linux-x86_64, r-release-macos-arm64, r-release-macos-x86_64, r-release-windows-ix86+x86_64