CRAN Package Check Results for Package rsetse

Last updated on 2021-09-20 20:49:05 CEST.

Flavor Version Tinstall Tcheck Ttotal Status Flags
r-devel-linux-x86_64-debian-clang 0.5.0 5.50 106.20 111.70 OK
r-devel-linux-x86_64-debian-gcc 0.5.0 4.14 76.51 80.65 OK
r-devel-linux-x86_64-fedora-clang 0.5.0 136.48 OK
r-devel-linux-x86_64-fedora-gcc 0.5.0 125.92 OK
r-devel-windows-x86_64 0.5.0 5.00 110.00 115.00 OK
r-devel-windows-x86_64-gcc10-UCRT 0.5.0 ERROR
r-patched-linux-x86_64 0.5.0 4.96 104.35 109.31 OK
r-patched-solaris-x86 0.5.0 195.60 OK
r-release-linux-x86_64 0.5.0 5.13 103.37 108.50 OK
r-release-macos-arm64 0.5.0 OK
r-release-macos-x86_64 0.5.0 OK
r-release-windows-ix86+x86_64 0.5.0 10.00 109.00 119.00 OK
r-oldrel-macos-x86_64 0.5.0 OK
r-oldrel-windows-ix86+x86_64 0.5.0 9.00 106.00 115.00 OK

Check Details

Version: 0.5.0
Check: whether package can be installed
Result: WARN
    Found the following significant warnings:
     WARNING: installation-time patches will not be applied, could not get the patches index
Flavor: r-devel-windows-x86_64-gcc10-UCRT

Version: 0.5.0
Check: PDF version of manual
Result: WARN
    LaTeX errors when creating PDF version.
    This typically indicates Rd problems.
Flavor: r-devel-windows-x86_64-gcc10-UCRT

Version: 0.5.0
Check: PDF version of manual without hyperrefs or index
Result: ERROR
    Re-running with no redirection of stdout/stderr.
Flavor: r-devel-windows-x86_64-gcc10-UCRT