CRAN Package Check Results for Package rsconnect

Last updated on 2021-11-27 07:50:01 CET.

Flavor Version Tinstall Tcheck Ttotal Status Flags
r-devel-linux-x86_64-debian-clang 0.8.25 OK
r-devel-linux-x86_64-debian-gcc 0.8.25 6.66 38.93 45.59 OK
r-devel-linux-x86_64-fedora-clang 0.8.25 80.69 NOTE
r-devel-linux-x86_64-fedora-gcc 0.8.25 69.21 OK
r-devel-windows-x86_64-new-UL 0.8.25 21.00 93.00 114.00 OK
r-devel-windows-x86_64-new-TK 0.8.25 OK
r-devel-windows-x86_64-old 0.8.25 8.00 76.00 84.00 OK
r-patched-linux-x86_64 0.8.25 9.64 49.66 59.30 OK
r-patched-solaris-x86 0.8.25 90.80 OK
r-release-linux-x86_64 0.8.25 OK
r-release-macos-arm64 0.8.25 OK
r-release-macos-x86_64 0.8.25 OK
r-release-windows-ix86+x86_64 0.8.25 13.00 55.00 68.00 OK
r-oldrel-macos-x86_64 0.8.25 OK
r-oldrel-windows-ix86+x86_64 0.8.25 11.00 59.00 70.00 OK

Check Details

Version: 0.8.25
Check: Rd cross-references
Result: NOTE
    Undeclared packages ‘keras’, ‘tensorflow’, ‘devtools’ in Rd xrefs
Flavor: r-devel-linux-x86_64-fedora-clang