Last updated on 2023-02-03 19:52:17 CET.
Flavor | Version | Tinstall | Tcheck | Ttotal | Status | Flags |
---|---|---|---|---|---|---|
r-devel-linux-x86_64-debian-clang | 0.8 | 39.13 | 88.12 | 127.25 | NOTE | |
r-devel-linux-x86_64-debian-gcc | 0.8 | 30.71 | 66.21 | 96.92 | NOTE | |
r-devel-linux-x86_64-fedora-clang | 0.8 | 168.02 | NOTE | |||
r-devel-linux-x86_64-fedora-gcc | 0.8 | 168.38 | NOTE | |||
r-patched-linux-x86_64 | 0.8 | 31.41 | 84.18 | 115.59 | OK | |
r-release-linux-x86_64 | 0.8 | 28.66 | 84.85 | 113.51 | OK | |
r-release-macos-arm64 | 0.8 | 45.00 | OK | |||
r-release-macos-x86_64 | 0.8 | 74.00 | OK | |||
r-release-windows-x86_64 | 0.8 | 39.00 | 141.00 | 180.00 | OK | |
r-oldrel-macos-arm64 | 0.8 | 55.00 | OK | |||
r-oldrel-macos-x86_64 | 0.8 | 73.00 | OK | |||
r-oldrel-windows-ix86+x86_64 | 0.8 | 95.00 | 141.00 | 236.00 | OK |
Version: 0.8
Check: C++ specification
Result: NOTE
Specified C++11: please update to current default of C++17
Flavors: r-devel-linux-x86_64-debian-clang, r-devel-linux-x86_64-debian-gcc, r-devel-linux-x86_64-fedora-clang, r-devel-linux-x86_64-fedora-gcc