CRAN Package Check Results for Package rotations

Last updated on 2022-01-24 07:50:01 CET.

Flavor Version Tinstall Tcheck Ttotal Status Flags
r-devel-linux-x86_64-debian-clang 1.6.3 114.95 107.07 222.02 OK
r-devel-linux-x86_64-debian-gcc 1.6.3 87.37 79.93 167.30 OK
r-devel-linux-x86_64-fedora-clang 1.6.3 319.17 NOTE
r-devel-linux-x86_64-fedora-gcc 1.6.3 285.29 OK
r-devel-windows-x86_64-new-UL 1.6.3 196.00 209.00 405.00 NOTE
r-devel-windows-x86_64-new-TK 1.6.3 OK
r-patched-linux-x86_64 1.6.3 101.10 101.63 202.73 OK
r-release-linux-x86_64 1.6.3 103.81 99.52 203.33 OK
r-release-macos-arm64 1.6.3 NOTE
r-release-macos-x86_64 1.6.3 NOTE
r-release-windows-ix86+x86_64 1.6.3 294.00 181.00 475.00 NOTE
r-oldrel-macos-x86_64 1.6.3 NOTE
r-oldrel-windows-ix86+x86_64 1.6.3 295.00 187.00 482.00 NOTE

Check Details

Version: 1.6.3
Check: installed package size
Result: NOTE
     installed size is 9.5Mb
     sub-directories of 1Mb or more:
     R 1.1Mb
     data 2.7Mb
     libs 5.1Mb
Flavors: r-devel-linux-x86_64-fedora-clang, r-devel-windows-x86_64-new-UL, r-release-macos-arm64, r-release-macos-x86_64, r-release-windows-ix86+x86_64, r-oldrel-macos-x86_64, r-oldrel-windows-ix86+x86_64