Last updated on 2023-03-31 08:54:11 CEST.
Flavor | Version | Tinstall | Tcheck | Ttotal | Status | Flags |
---|---|---|---|---|---|---|
r-devel-linux-x86_64-debian-clang | 0.2.6 | 3.76 | 38.43 | 42.19 | OK | |
r-devel-linux-x86_64-debian-gcc | 0.2.6 | 2.99 | 29.55 | 32.54 | OK | |
r-devel-linux-x86_64-fedora-clang | 0.2.6 | 53.07 | OK | |||
r-devel-linux-x86_64-fedora-gcc | 0.2.6 | 49.49 | OK | |||
r-patched-linux-x86_64 | 0.2.6 | 3.35 | 38.15 | 41.50 | OK | |
r-release-linux-x86_64 | 0.2.6 | 3.17 | 39.43 | 42.60 | OK | |
r-release-macos-arm64 | 0.2.6 | 20.00 | OK | |||
r-release-macos-x86_64 | 0.2.6 | 28.00 | OK | |||
r-release-windows-x86_64 | 0.2.6 | 33.00 | 71.00 | 104.00 | OK | |
r-oldrel-macos-arm64 | 0.2.6 | 18.00 | OK | |||
r-oldrel-macos-x86_64 | 0.2.6 | 27.00 | OK | |||
r-oldrel-windows-ix86+x86_64 | 0.2.6 | 7.00 | 63.00 | 70.00 | NOTE |
Version: 0.2.6
Check: dependencies in R code
Result: NOTE
Initiating curl with CURL_SSL_BACKEND: openssl
Flavor: r-oldrel-windows-ix86+x86_64