Last updated on 2023-03-24 07:54:51 CET.
Flavor | Version | Tinstall | Tcheck | Ttotal | Status | Flags |
---|---|---|---|---|---|---|
r-devel-linux-x86_64-debian-clang | 0.3.12 | 15.02 | 119.45 | 134.47 | OK | |
r-devel-linux-x86_64-debian-gcc | 0.3.12 | 13.08 | 90.60 | 103.68 | OK | |
r-devel-linux-x86_64-fedora-clang | 0.3.12 | 176.98 | OK | |||
r-devel-linux-x86_64-fedora-gcc | 0.3.12 | 177.74 | OK | |||
r-patched-linux-x86_64 | 0.3.12 | 24.83 | 111.72 | 136.55 | OK | |
r-release-linux-x86_64 | 0.3.12 | 14.62 | 111.87 | 126.49 | OK | |
r-release-macos-arm64 | 0.3.12 | 33.00 | OK | |||
r-release-macos-x86_64 | 0.3.12 | 63.00 | OK | |||
r-release-windows-x86_64 | 0.3.12 | 70.00 | 149.00 | 219.00 | OK | |
r-oldrel-macos-arm64 | 0.3.12 | 42.00 | OK | |||
r-oldrel-macos-x86_64 | 0.3.12 | 67.00 | OK | |||
r-oldrel-windows-ix86+x86_64 | 0.3.12 | 31.00 | 146.00 | 177.00 | NOTE |
Version: 0.3.12
Check: dependencies in R code
Result: NOTE
Initiating curl with CURL_SSL_BACKEND: openssl
Flavor: r-oldrel-windows-ix86+x86_64