CRAN Package Check Results for Package rollinglda

Last updated on 2022-01-26 19:50:44 CET.

Flavor Version Tinstall Tcheck Ttotal Status Flags
r-devel-linux-x86_64-debian-clang 0.1.1 8.46 168.74 177.20 OK
r-devel-linux-x86_64-debian-gcc 0.1.1 7.25 116.92 124.17 OK
r-devel-linux-x86_64-fedora-clang 0.1.1 201.62 NOTE
r-devel-linux-x86_64-fedora-gcc 0.1.1 189.01 NOTE
r-devel-windows-x86_64-new-UL 0.1.1 61.00 174.00 235.00 OK
r-devel-windows-x86_64-new-TK 0.1.1 NOTE
r-patched-linux-x86_64 0.1.1 13.02 148.81 161.83 OK
r-release-linux-x86_64 0.1.1 9.50 145.92 155.42 OK
r-release-macos-arm64 0.1.1 NOTE
r-release-macos-x86_64 0.1.1 NOTE
r-release-windows-ix86+x86_64 0.1.1 24.00 278.00 302.00 OK
r-oldrel-macos-x86_64 0.1.1 NOTE
r-oldrel-windows-ix86+x86_64 0.1.1 24.00 278.00 302.00 OK

Check Details

Version: 0.1.1
Check: data for non-ASCII characters
Result: NOTE
     Note: found 261 marked UTF-8 strings
Flavors: r-devel-linux-x86_64-fedora-clang, r-devel-linux-x86_64-fedora-gcc, r-devel-windows-x86_64-new-TK, r-release-macos-arm64, r-release-macos-x86_64, r-oldrel-macos-x86_64