CRAN Package Check Results for Package rollinglda

Last updated on 2024-06-24 21:56:55 CEST.

Flavor Version Tinstall Tcheck Ttotal Status Flags
r-devel-linux-x86_64-debian-clang 0.1.3 11.14 136.24 147.38 OK
r-devel-linux-x86_64-debian-gcc 0.1.3 8.88 100.33 109.21 OK
r-devel-linux-x86_64-fedora-clang 0.1.3 192.30 NOTE
r-devel-linux-x86_64-fedora-gcc 0.1.3 178.19 NOTE
r-devel-windows-x86_64 0.1.3 14.00 113.00 127.00 OK
r-patched-linux-x86_64 0.1.3 17.08 135.41 152.49 OK
r-release-linux-x86_64 0.1.3 7.23 132.78 140.01 OK
r-release-macos-arm64 0.1.3 63.00 OK
r-release-macos-x86_64 0.1.3 90.00 OK
r-release-windows-x86_64 0.1.3 13.00 114.00 127.00 OK
r-oldrel-macos-arm64 0.1.3 59.00 OK
r-oldrel-macos-x86_64 0.1.3 158.00 OK
r-oldrel-windows-x86_64 0.1.3 16.00 134.00 150.00 OK

Check Details

Version: 0.1.3
Check: data for non-ASCII characters
Result: NOTE Note: found 261 marked UTF-8 strings Flavors: r-devel-linux-x86_64-fedora-clang, r-devel-linux-x86_64-fedora-gcc