Last updated on 2023-12-03 19:48:45 CET.
Flavor | Version | Tinstall | Tcheck | Ttotal | Status | Flags |
---|---|---|---|---|---|---|
r-devel-linux-x86_64-debian-clang | 0.1.3 | 12.54 | 157.51 | 170.05 | OK | |
r-devel-linux-x86_64-debian-gcc | 0.1.3 | 7.60 | 108.66 | 116.26 | OK | |
r-devel-linux-x86_64-fedora-clang | 0.1.3 | 206.37 | NOTE | |||
r-devel-linux-x86_64-fedora-gcc | 0.1.3 | 203.60 | NOTE | |||
r-devel-windows-x86_64 | 0.1.3 | 12.00 | 122.00 | 134.00 | OK | |
r-patched-linux-x86_64 | 0.1.3 | 11.14 | 142.33 | 153.47 | OK | |
r-release-linux-x86_64 | 0.1.3 | 6.66 | 139.42 | 146.08 | OK | |
r-release-macos-arm64 | 0.1.3 | 59.00 | OK | |||
r-release-macos-x86_64 | 0.1.3 | 158.00 | OK | |||
r-release-windows-x86_64 | 0.1.3 | 16.00 | 151.00 | 167.00 | OK | |
r-oldrel-macos-arm64 | 0.1.3 | 62.00 | OK | |||
r-oldrel-macos-x86_64 | 0.1.2 | 77.00 | NOTE | |||
r-oldrel-windows-x86_64 | 0.1.3 | 16.00 | 152.00 | 168.00 | OK |
Version: 0.1.3
Check: data for non-ASCII characters
Result: NOTE
Note: found 261 marked UTF-8 strings
Flavors: r-devel-linux-x86_64-fedora-clang, r-devel-linux-x86_64-fedora-gcc
Version: 0.1.2
Check: data for non-ASCII characters
Result: NOTE
Note: found 261 marked UTF-8 strings
Flavor: r-oldrel-macos-x86_64