CRAN Package Check Results for Package rolldown

Last updated on 2021-11-30 19:51:35 CET.

Flavor Version Tinstall Tcheck Ttotal Status Flags
r-devel-linux-x86_64-debian-clang 0.1 2.29 26.74 29.03 NOTE
r-devel-linux-x86_64-debian-gcc 0.1 1.84 21.75 23.59 NOTE
r-devel-linux-x86_64-fedora-clang 0.1 46.77 NOTE
r-devel-linux-x86_64-fedora-gcc 0.1 35.47 NOTE
r-devel-windows-x86_64-new-UL 0.1 7.00 74.00 81.00 NOTE
r-devel-windows-x86_64-new-TK 0.1 NOTE
r-devel-windows-x86_64-old 0.1 4.00 38.00 42.00 NOTE
r-patched-linux-x86_64 0.1 5.18 26.27 31.45 NOTE
r-patched-solaris-x86 0.1 55.80 NOTE
r-release-linux-x86_64 0.1 2.05 26.28 28.33 NOTE
r-release-macos-arm64 0.1 NOTE
r-release-macos-x86_64 0.1 NOTE
r-release-windows-ix86+x86_64 0.1 6.00 33.00 39.00 NOTE
r-oldrel-macos-x86_64 0.1 OK
r-oldrel-windows-ix86+x86_64 0.1 4.00 36.00 40.00 OK

Check Details

Version: 0.1
Check: LazyData
Result: NOTE
     'LazyData' is specified without a 'data' directory
Flavors: r-devel-linux-x86_64-debian-clang, r-devel-linux-x86_64-debian-gcc, r-devel-linux-x86_64-fedora-clang, r-devel-linux-x86_64-fedora-gcc, r-devel-windows-x86_64-new-UL, r-devel-windows-x86_64-new-TK, r-devel-windows-x86_64-old, r-patched-linux-x86_64, r-patched-solaris-x86, r-release-linux-x86_64, r-release-macos-arm64, r-release-macos-x86_64, r-release-windows-ix86+x86_64