CRAN Package Check Results for Package roll

Last updated on 2022-08-07 21:56:34 CEST.

Flavor Version Tinstall Tcheck Ttotal Status Flags
r-devel-linux-x86_64-debian-clang 1.1.6 54.32 31.72 86.04 NOTE
r-devel-linux-x86_64-debian-gcc 1.1.6 57.85 25.09 82.94 NOTE
r-devel-linux-x86_64-fedora-clang 1.1.6 138.54 NOTE
r-devel-linux-x86_64-fedora-gcc 1.1.6 138.89 NOTE
r-devel-windows-x86_64 1.1.6 48.00 82.00 130.00 NOTE
r-patched-linux-x86_64 1.1.6 57.62 30.99 88.61 NOTE
r-release-linux-x86_64 1.1.6 58.29 31.03 89.32 NOTE
r-release-macos-arm64 1.1.6 37.00 NOTE
r-release-macos-x86_64 1.1.6 47.00 NOTE
r-release-windows-x86_64 1.1.6 52.00 85.00 137.00 NOTE
r-oldrel-macos-arm64 1.1.6 41.00 NOTE
r-oldrel-macos-x86_64 1.1.6 75.00 NOTE
r-oldrel-windows-ix86+x86_64 1.1.6 140.00 90.00 230.00 NOTE

Check Details

Version: 1.1.6
Check: for GNU extensions in Makefiles
Result: NOTE
    GNU make is a SystemRequirements.
Flavors: r-devel-linux-x86_64-debian-clang, r-devel-linux-x86_64-debian-gcc, r-devel-linux-x86_64-fedora-clang, r-devel-linux-x86_64-fedora-gcc, r-devel-windows-x86_64, r-patched-linux-x86_64, r-release-linux-x86_64, r-release-macos-arm64, r-release-macos-x86_64, r-release-windows-x86_64, r-oldrel-macos-arm64, r-oldrel-macos-x86_64, r-oldrel-windows-ix86+x86_64

Version: 1.1.6
Check: installed package size
Result: NOTE
     installed size is 5.5Mb
     sub-directories of 1Mb or more:
     libs 5.3Mb
Flavors: r-release-macos-arm64, r-release-macos-x86_64, r-oldrel-macos-arm64, r-oldrel-macos-x86_64