CRAN Package Check Results for Package rockchalk

Last updated on 2022-05-16 21:50:30 CEST.

Flavor Version Tinstall Tcheck Ttotal Status Flags
r-devel-linux-x86_64-debian-clang 1.8.151 17.44 198.25 215.69 WARN
r-devel-linux-x86_64-debian-gcc 1.8.151 10.43 152.40 162.83 WARN
r-devel-linux-x86_64-fedora-clang 1.8.151 297.22 WARN
r-devel-linux-x86_64-fedora-gcc 1.8.151 304.11 WARN
r-devel-windows-x86_64 1.8.151 68.00 341.00 409.00 WARN
r-patched-linux-x86_64 1.8.151 16.13 190.84 206.97 OK
r-release-linux-x86_64 1.8.151 17.28 192.39 209.67 OK
r-release-macos-arm64 1.8.151 90.00 OK
r-release-macos-x86_64 1.8.151 138.00 OK
r-release-windows-x86_64 1.8.151 75.00 346.00 421.00 OK
r-oldrel-macos-arm64 1.8.151 89.00 OK
r-oldrel-macos-x86_64 1.8.151 107.00 OK
r-oldrel-windows-ix86+x86_64 1.8.151 31.00 252.00 283.00 OK

Check Details

Version: 1.8.151
Check: Rd files
Result: WARN
    checkRd: (7) outreg.Rd:359: invalid email address: <pauljohn@ku.edu>
    checkRd: (7) outreg2HTML.Rd:53: invalid email address: <pauljohn@ku.edu>
Flavors: r-devel-linux-x86_64-debian-clang, r-devel-linux-x86_64-debian-gcc, r-devel-linux-x86_64-fedora-clang, r-devel-linux-x86_64-fedora-gcc, r-devel-windows-x86_64