CRAN Package Check Results for Package robustrao

Last updated on 2019-12-07 08:49:41 CET.

Flavor Version Tinstall Tcheck Ttotal Status Flags
r-devel-linux-x86_64-debian-clang 1.0-3 3.27 30.04 33.31 NOTE
r-devel-linux-x86_64-debian-gcc 1.0-3 2.67 23.78 26.45 NOTE
r-devel-linux-x86_64-fedora-clang 1.0-3 38.58 NOTE
r-devel-linux-x86_64-fedora-gcc 1.0-3 37.71 NOTE
r-devel-windows-ix86+x86_64 1.0-3 8.00 64.00 72.00 OK
r-devel-windows-ix86+x86_64-gcc8 1.0-3 10.00 67.00 77.00 OK
r-patched-linux-x86_64 1.0-3 2.65 27.58 30.23 OK
r-patched-solaris-x86 1.0-3 69.10 OK
r-release-linux-x86_64 1.0-3 2.65 27.73 30.38 OK
r-release-windows-ix86+x86_64 1.0-3 8.00 47.00 55.00 OK
r-release-osx-x86_64 1.0-3 OK
r-oldrel-windows-ix86+x86_64 1.0-3 4.00 63.00 67.00 OK
r-oldrel-osx-x86_64 1.0-3 OK

Check Details

Version: 1.0-3
Check: for non-standard things in the check directory
Result: NOTE
    Found the following files/directories:
     'parallel-bounds-log.txt'
Flavors: r-devel-linux-x86_64-debian-clang, r-devel-linux-x86_64-debian-gcc, r-devel-linux-x86_64-fedora-clang, r-devel-linux-x86_64-fedora-gcc