CRAN Package Check Results for Package robustX

Last updated on 2021-10-26 08:10:15 CEST.

Flavor Version Tinstall Tcheck Ttotal Status Flags
r-devel-linux-x86_64-debian-clang 1.2-5 3.64 47.47 51.11 OK
r-devel-linux-x86_64-debian-gcc 1.2-5 3.24 37.16 40.40 OK
r-devel-linux-x86_64-fedora-clang 1.2-5 73.34 NOTE
r-devel-linux-x86_64-fedora-gcc 1.2-5 63.08 OK
r-devel-windows-x86_64 1.2-5 6.00 51.00 57.00 OK
r-devel-windows-x86_64-gcc10-UCRT 1.2-5 OK
r-patched-linux-x86_64 1.2-5 3.96 41.55 45.51 OK
r-patched-solaris-x86 1.2-5 81.90 OK
r-release-linux-x86_64 1.2-5 4.23 41.51 45.74 OK
r-release-macos-arm64 1.2-5 OK
r-release-macos-x86_64 1.2-5 OK
r-release-windows-ix86+x86_64 1.2-5 6.00 67.00 73.00 OK
r-oldrel-macos-x86_64 1.2-5 OK
r-oldrel-windows-ix86+x86_64 1.2-5 8.00 66.00 74.00 OK

Check Details

Version: 1.2-5
Check: Rd cross-references
Result: NOTE
    Undeclared package ‘pcaPP’ in Rd xrefs
Flavor: r-devel-linux-x86_64-fedora-clang