CRAN Package Check Results for Package robomit

Last updated on 2021-09-20 20:49:04 CEST.

Flavor Version Tinstall Tcheck Ttotal Status Flags
r-devel-linux-x86_64-debian-clang 1.0.6 8.63 98.71 107.34 OK
r-devel-linux-x86_64-debian-gcc 1.0.6 6.56 72.39 78.95 OK
r-devel-linux-x86_64-fedora-clang 1.0.6 129.78 OK
r-devel-linux-x86_64-fedora-gcc 1.0.6 119.30 OK
r-devel-windows-x86_64 1.0.6 9.00 88.00 97.00 OK
r-devel-windows-x86_64-gcc10-UCRT 1.0.6 ERROR
r-patched-linux-x86_64 1.0.6 7.77 92.20 99.97 OK
r-patched-solaris-x86 1.0.6 160.90 OK
r-release-linux-x86_64 1.0.6 7.97 90.85 98.82 OK
r-release-macos-arm64 1.0.6 OK
r-release-macos-x86_64 1.0.6 OK
r-release-windows-ix86+x86_64 1.0.6 18.00 88.00 106.00 OK
r-oldrel-macos-x86_64 1.0.6 OK
r-oldrel-windows-ix86+x86_64 1.0.6 19.00 91.00 110.00 OK

Check Details

Version: 1.0.6
Check: whether package can be installed
Result: WARN
    Found the following significant warnings:
     WARNING: installation-time patches will not be applied, could not get the patches index
Flavor: r-devel-windows-x86_64-gcc10-UCRT

Version: 1.0.6
Check: PDF version of manual
Result: WARN
    LaTeX errors when creating PDF version.
    This typically indicates Rd problems.
Flavor: r-devel-windows-x86_64-gcc10-UCRT

Version: 1.0.6
Check: PDF version of manual without hyperrefs or index
Result: ERROR
    Re-running with no redirection of stdout/stderr.
Flavor: r-devel-windows-x86_64-gcc10-UCRT