Last updated on 2023-09-28 09:58:15 CEST.
Flavor | Version | Tinstall | Tcheck | Ttotal | Status | Flags |
---|---|---|---|---|---|---|
r-devel-linux-x86_64-debian-clang | 1.9.0 | 4.62 | 249.77 | 254.39 | OK | |
r-devel-linux-x86_64-debian-gcc | 1.9.0 | 3.05 | 168.88 | 171.93 | OK | |
r-devel-linux-x86_64-fedora-clang | 1.9.0 | 302.57 | NOTE | |||
r-devel-linux-x86_64-fedora-gcc | 1.9.0 | 303.03 | NOTE | |||
r-devel-windows-x86_64 | 1.9.0 | 5.00 | 170.00 | 175.00 | OK | |
r-patched-linux-x86_64 | 1.9.0 | 3.67 | 238.53 | 242.20 | OK | |
r-release-linux-x86_64 | 1.9.0 | 3.37 | 239.31 | 242.68 | OK | |
r-release-macos-arm64 | 1.9.0 | 90.00 | OK | |||
r-release-macos-x86_64 | 1.9.0 | 253.00 | OK | |||
r-release-windows-x86_64 | 1.9.0 | 4.00 | 220.00 | 224.00 | OK | |
r-oldrel-macos-arm64 | 1.9.0 | 74.00 | OK | |||
r-oldrel-macos-x86_64 | 1.9.0 | 92.00 | OK | |||
r-oldrel-windows-x86_64 | 1.9.0 | 6.00 | 222.00 | 228.00 | OK |
Version: 1.9.0
Check: dependencies in R code
Result: NOTE
Namespace in Imports field not imported from: ‘attention’
All declared Imports should be used.
Flavors: r-devel-linux-x86_64-fedora-clang, r-devel-linux-x86_64-fedora-gcc