CRAN Package Check Results for Package rnn

Last updated on 2024-06-16 21:52:19 CEST.

Flavor Version Tinstall Tcheck Ttotal Status Flags
r-devel-linux-x86_64-debian-clang 1.9.0 3.89 260.14 264.03 OK
r-devel-linux-x86_64-debian-gcc 1.9.0 3.34 171.38 174.72 OK
r-devel-linux-x86_64-fedora-clang 1.9.0 314.18 NOTE
r-devel-linux-x86_64-fedora-gcc 1.9.0 308.97 NOTE
r-devel-windows-x86_64 1.9.0 5.00 168.00 173.00 OK
r-patched-linux-x86_64 1.9.0 3.92 243.31 247.23 OK
r-release-linux-x86_64 1.9.0 4.44 246.17 250.61 OK
r-release-macos-arm64 1.9.0 70.00 OK
r-release-macos-x86_64 1.9.0 142.00 OK
r-release-windows-x86_64 1.9.0 4.00 177.00 181.00 OK
r-oldrel-macos-arm64 1.9.0 90.00 OK
r-oldrel-macos-x86_64 1.9.0 253.00 OK
r-oldrel-windows-x86_64 1.9.0 5.00 216.00 221.00 OK

Check Details

Version: 1.9.0
Check: dependencies in R code
Result: NOTE Namespace in Imports field not imported from: ‘attention’ All declared Imports should be used. Flavors: r-devel-linux-x86_64-fedora-clang, r-devel-linux-x86_64-fedora-gcc