CRAN Package Check Results for Package rnetcarto

Last updated on 2020-07-14 09:50:47 CEST.

Flavor Version Tinstall Tcheck Ttotal Status Flags
r-devel-linux-x86_64-debian-clang 0.2.4 4.56 26.65 31.21 OK
r-devel-linux-x86_64-debian-gcc 0.2.4 3.46 21.24 24.70 OK
r-devel-linux-x86_64-fedora-clang 0.2.4 47.18 NOTE
r-devel-linux-x86_64-fedora-gcc 0.2.4 38.93 NOTE
r-devel-windows-ix86+x86_64 0.2.4 18.00 48.00 66.00 OK
r-patched-linux-x86_64 0.2.4 3.87 26.74 30.61 OK
r-patched-solaris-x86 0.2.4 54.10 OK
r-release-linux-x86_64 0.2.4 3.90 26.66 30.56 OK
r-release-macos-x86_64 0.2.4 ERROR
r-release-windows-ix86+x86_64 0.2.4 15.00 45.00 60.00 OK
r-oldrel-macos-x86_64 0.2.4 OK
r-oldrel-windows-ix86+x86_64 0.2.4 22.00 60.00 82.00 OK

Check Details

Version: 0.2.4
Check: compiled code
Result: NOTE
    File ‘rnetcarto/libs/rnetcarto.so’:
     Found no calls to: ‘R_registerRoutines’, ‘R_useDynamicSymbols’
    
    It is good practice to register native routines and to disable symbol
    search.
    
    See ‘Writing portable packages’ in the ‘Writing R Extensions’ manual.
Flavors: r-devel-linux-x86_64-fedora-clang, r-devel-linux-x86_64-fedora-gcc

Version: 0.2.4
Check: whether package can be installed
Result: ERROR
    Installation failed.
Flavor: r-release-macos-x86_64