CRAN Package Check Results for Package rmsb

Last updated on 2024-02-24 07:51:34 CET.

Flavor Version Tinstall Tcheck Ttotal Status Flags
r-devel-linux-x86_64-debian-clang 1.0-0 445.12 235.59 680.71 NOTE
r-devel-linux-x86_64-debian-gcc 1.0-0 405.79 196.30 602.09 NOTE
r-devel-linux-x86_64-fedora-clang 1.0-0 867.36 NOTE
r-devel-linux-x86_64-fedora-gcc 1.0-0 1119.13 NOTE
r-devel-windows-x86_64 1.0-0 341.00 219.00 560.00 NOTE
r-patched-linux-x86_64 1.0-0 400.44 253.46 653.90 NOTE
r-release-linux-x86_64 1.0-0 406.20 253.57 659.77 NOTE
r-release-macos-arm64 1.0-0 268.00 NOTE
r-release-macos-x86_64 1.0-0 517.00 NOTE
r-release-windows-x86_64 1.0-0 438.00 272.00 710.00 NOTE
r-oldrel-macos-arm64 1.0-0 314.00 NOTE
r-oldrel-windows-x86_64 1.0-0 413.00 255.00 668.00 NOTE

Check Details

Version: 1.0-0
Check: package dependencies
Result: NOTE Package suggested but not available for checking: ‘cmdstanr’ Flavors: r-devel-linux-x86_64-debian-clang, r-devel-linux-x86_64-debian-gcc, r-devel-linux-x86_64-fedora-clang, r-devel-linux-x86_64-fedora-gcc, r-devel-windows-x86_64, r-patched-linux-x86_64, r-release-linux-x86_64, r-release-macos-arm64, r-release-macos-x86_64, r-release-windows-x86_64, r-oldrel-macos-arm64, r-oldrel-windows-x86_64

Version: 1.0-0
Check: Rd cross-references
Result: NOTE Package unavailable to check Rd xrefs: ‘cmdstanr’ Flavors: r-devel-linux-x86_64-debian-clang, r-devel-linux-x86_64-debian-gcc, r-devel-linux-x86_64-fedora-gcc, r-devel-windows-x86_64, r-patched-linux-x86_64, r-release-linux-x86_64, r-release-macos-arm64, r-release-macos-x86_64, r-release-windows-x86_64, r-oldrel-macos-arm64, r-oldrel-windows-x86_64

Version: 1.0-0
Check: for GNU extensions in Makefiles
Result: NOTE GNU make is a SystemRequirements. Flavors: r-devel-linux-x86_64-debian-clang, r-devel-linux-x86_64-debian-gcc, r-devel-linux-x86_64-fedora-clang, r-devel-linux-x86_64-fedora-gcc, r-devel-windows-x86_64, r-patched-linux-x86_64, r-release-linux-x86_64, r-release-macos-arm64, r-release-macos-x86_64, r-release-windows-x86_64, r-oldrel-macos-arm64, r-oldrel-windows-x86_64

Version: 1.0-0
Check: Rd cross-references
Result: NOTE Undeclared package ‘coda’ in Rd xrefs Package unavailable to check Rd xrefs: ‘cmdstanr’ Flavor: r-devel-linux-x86_64-fedora-clang

Version: 1.0-0
Check: installed package size
Result: NOTE installed size is 61.8Mb sub-directories of 1Mb or more: libs 61.2Mb Flavors: r-release-macos-arm64, r-release-macos-x86_64, r-oldrel-macos-arm64