CRAN Package Check Results for Package rminizinc

Last updated on 2021-12-04 07:50:32 CET.

Flavor Version Tinstall Tcheck Ttotal Status Flags
r-devel-linux-x86_64-debian-clang 0.0.8 63.24 72.73 135.97 OK
r-devel-linux-x86_64-debian-gcc 0.0.8 49.55 55.77 105.32 OK
r-devel-linux-x86_64-fedora-clang 0.0.8 195.27 NOTE
r-devel-linux-x86_64-fedora-gcc 0.0.8 170.65 OK
r-devel-windows-x86_64-new-UL 0.0.8 174.00 164.00 338.00 NOTE
r-devel-windows-x86_64-new-TK 0.0.8 OK
r-devel-windows-x86_64-old 0.0.8 108.00 76.00 184.00 NOTE
r-patched-linux-x86_64 0.0.8 65.01 60.75 125.76 OK
r-release-linux-x86_64 0.0.8 56.59 61.21 117.80 OK
r-release-macos-arm64 0.0.8 NOTE
r-release-macos-x86_64 0.0.8 NOTE
r-release-windows-ix86+x86_64 0.0.8 159.00 116.00 275.00 NOTE
r-oldrel-macos-x86_64 0.0.8 NOTE
r-oldrel-windows-ix86+x86_64 0.0.8 158.00 111.00 269.00 NOTE

Check Details

Version: 0.0.8
Check: installed package size
Result: NOTE
     installed size is 6.9Mb
     sub-directories of 1Mb or more:
     libs 1.1Mb
     minizinc 3.4Mb
Flavors: r-devel-linux-x86_64-fedora-clang, r-devel-windows-x86_64-new-UL, r-devel-windows-x86_64-old, r-release-macos-arm64, r-release-macos-x86_64, r-release-windows-ix86+x86_64, r-oldrel-macos-x86_64, r-oldrel-windows-ix86+x86_64