CRAN Package Check Results for Package rmdplugr

Last updated on 2020-07-14 09:50:47 CEST.

Flavor Version Tinstall Tcheck Ttotal Status Flags
r-devel-linux-x86_64-debian-clang 0.4.1 2.25 28.37 30.62 OK
r-devel-linux-x86_64-debian-gcc 0.4.1 1.99 22.62 24.61 OK
r-devel-linux-x86_64-fedora-clang 0.4.1 46.42 OK
r-devel-linux-x86_64-fedora-gcc 0.4.1 39.44 OK
r-devel-windows-ix86+x86_64 0.4.1 12.00 46.00 58.00 OK
r-patched-linux-x86_64 0.4.1 2.51 28.41 30.92 OK
r-patched-solaris-x86 0.4.1 50.90 OK
r-release-linux-x86_64 0.4.1 2.23 28.18 30.41 OK
r-release-macos-x86_64 0.4.1 ERROR
r-release-windows-ix86+x86_64 0.4.1 11.00 45.00 56.00 OK
r-oldrel-macos-x86_64 0.4.1 OK
r-oldrel-windows-ix86+x86_64 0.4.1 7.00 61.00 68.00 OK

Check Details

Version: 0.4.1
Check: whether package can be installed
Result: ERROR
    Installation failed.
Flavor: r-release-macos-x86_64