CRAN Package Check Results for Package rmdplugr

Last updated on 2021-11-30 19:51:34 CET.

Flavor Version Tinstall Tcheck Ttotal Status Flags
r-devel-linux-x86_64-debian-clang 0.4.1 2.58 30.01 32.59 NOTE
r-devel-linux-x86_64-debian-gcc 0.4.1 1.54 24.02 25.56 NOTE
r-devel-linux-x86_64-fedora-clang 0.4.1 51.37 NOTE
r-devel-linux-x86_64-fedora-gcc 0.4.1 41.01 NOTE
r-devel-windows-x86_64-new-UL 0.4.1 8.00 94.00 102.00 NOTE
r-devel-windows-x86_64-new-TK 0.4.1 NOTE
r-devel-windows-x86_64-old 0.4.1 5.00 50.00 55.00 NOTE
r-patched-linux-x86_64 0.4.1 2.48 28.78 31.26 NOTE
r-patched-solaris-x86 0.4.1 53.10 NOTE
r-release-linux-x86_64 0.4.1 2.50 28.81 31.31 NOTE
r-release-macos-arm64 0.4.1 NOTE
r-release-macos-x86_64 0.4.1 NOTE
r-release-windows-ix86+x86_64 0.4.1 6.00 42.00 48.00 NOTE
r-oldrel-macos-x86_64 0.4.1 OK
r-oldrel-windows-ix86+x86_64 0.4.1 5.00 52.00 57.00 OK

Check Details

Version: 0.4.1
Check: LazyData
Result: NOTE
     'LazyData' is specified without a 'data' directory
Flavors: r-devel-linux-x86_64-debian-clang, r-devel-linux-x86_64-debian-gcc, r-devel-linux-x86_64-fedora-clang, r-devel-linux-x86_64-fedora-gcc, r-devel-windows-x86_64-new-UL, r-devel-windows-x86_64-new-TK, r-devel-windows-x86_64-old, r-patched-linux-x86_64, r-patched-solaris-x86, r-release-linux-x86_64, r-release-macos-arm64, r-release-macos-x86_64, r-release-windows-ix86+x86_64