CRAN Package Check Results for Package rmd

Last updated on 2019-12-07 08:49:41 CET.

Flavor Version Tinstall Tcheck Ttotal Status Flags
r-devel-linux-x86_64-debian-clang 0.1.4 4.50 39.37 43.87 OK
r-devel-linux-x86_64-debian-gcc 0.1.4 4.21 30.83 35.04 OK
r-devel-linux-x86_64-fedora-clang 0.1.4 51.48 NOTE
r-devel-linux-x86_64-fedora-gcc 0.1.4 49.57 NOTE
r-devel-windows-ix86+x86_64 0.1.4 19.00 81.00 100.00 OK
r-devel-windows-ix86+x86_64-gcc8 0.1.4 22.00 81.00 103.00 OK
r-patched-linux-x86_64 0.1.4 4.31 36.02 40.33 OK
r-patched-solaris-x86 0.1.4 84.50 NOTE
r-release-linux-x86_64 0.1.4 3.93 36.07 40.00 OK
r-release-windows-ix86+x86_64 0.1.4 12.00 53.00 65.00 OK
r-release-osx-x86_64 0.1.4 NOTE
r-oldrel-windows-ix86+x86_64 0.1.4 6.00 76.00 82.00 OK
r-oldrel-osx-x86_64 0.1.4 NOTE

Check Details

Version: 0.1.4
Check: dependencies in R code
Result: NOTE
    Namespaces in Imports field not imported from:
     ‘blogdown’ ‘bookdown’ ‘bookdownplus’ ‘citr’ ‘pagedown’ ‘rticles’
     ‘tinytex’ ‘xaringan’
     All declared Imports should be used.
Flavors: r-devel-linux-x86_64-fedora-clang, r-devel-linux-x86_64-fedora-gcc, r-patched-solaris-x86, r-release-osx-x86_64, r-oldrel-osx-x86_64