CRAN Package Check Results for Package rlas

Last updated on 2021-09-27 21:49:19 CEST.

Flavor Version Tinstall Tcheck Ttotal Status Flags
r-devel-linux-x86_64-debian-clang 1.5.0 497.56 34.59 532.15 OK
r-devel-linux-x86_64-debian-gcc 1.5.0 275.88 28.14 304.02 OK
r-devel-linux-x86_64-fedora-clang 1.5.0 739.97 NOTE
r-devel-linux-x86_64-fedora-gcc 1.5.0 597.50 OK
r-devel-windows-x86_64 1.5.0 472.00 61.00 533.00 OK
r-devel-windows-x86_64-gcc10-UCRT 1.5.0 OK
r-patched-linux-x86_64 1.5.0 353.89 33.19 387.08 OK
r-patched-solaris-x86 1.5.0 473.20 OK
r-release-linux-x86_64 1.5.0 354.38 33.57 387.95 OK
r-release-macos-arm64 1.5.0 NOTE
r-release-macos-x86_64 1.5.0 NOTE
r-release-windows-ix86+x86_64 1.5.0 1126.00 83.00 1209.00 NOTE
r-oldrel-macos-x86_64 1.5.0 NOTE
r-oldrel-windows-ix86+x86_64 1.5.0 930.00 82.00 1012.00 NOTE

Check Details

Version: 1.5.0
Check: installed package size
Result: NOTE
     installed size is 9.4Mb
     sub-directories of 1Mb or more:
     libs 9.0Mb
Flavors: r-devel-linux-x86_64-fedora-clang, r-release-macos-arm64, r-release-macos-x86_64, r-release-windows-ix86+x86_64, r-oldrel-macos-x86_64, r-oldrel-windows-ix86+x86_64