Last updated on 2023-12-06 07:50:27 CET.
Flavor | Version | Tinstall | Tcheck | Ttotal | Status | Flags |
---|---|---|---|---|---|---|
r-devel-linux-x86_64-debian-clang | 1.1.2 | 24.65 | 330.90 | 355.55 | WARN | |
r-devel-linux-x86_64-debian-gcc | 1.1.2 | 15.52 | 244.03 | 259.55 | OK | |
r-devel-linux-x86_64-fedora-clang | 1.1.2 | 431.11 | WARN | |||
r-devel-linux-x86_64-fedora-gcc | 1.1.2 | 428.12 | OK | |||
r-devel-windows-x86_64 | 1.1.2 | 31.00 | 265.00 | 296.00 | OK | |
r-patched-linux-x86_64 | 1.1.2 | 29.42 | 313.80 | 343.22 | OK | |
r-release-linux-x86_64 | 1.1.2 | 23.67 | 308.20 | 331.87 | OK | |
r-release-macos-arm64 | 1.1.2 | 124.00 | OK | |||
r-release-macos-x86_64 | 1.1.2 | 383.00 | OK | |||
r-release-windows-x86_64 | 1.1.2 | 33.00 | 347.00 | 380.00 | OK | |
r-oldrel-macos-arm64 | 1.1.2 | 98.00 | OK | |||
r-oldrel-macos-x86_64 | 1.1.1 | 155.00 | OK | |||
r-oldrel-windows-x86_64 | 1.1.2 | 37.00 | 303.00 | 340.00 | OK |
Version: 1.1.2
Check: whether package can be installed
Result: WARN
Found the following significant warnings:
./internal/tests.c:104:14: warning: format string is not a string literal (potentially insecure) [-Wformat-security]
./internal/tests.c:108:12: warning: format string is not a string literal (potentially insecure) [-Wformat-security]
./internal/tests.c:113:24: warning: format string is not a string literal (potentially insecure) [-Wformat-security]
./internal/tests.c:117:22: warning: format string is not a string literal (potentially insecure) [-Wformat-security]
See ‘/home/hornik/tmp/R.check/r-devel-clang/Work/PKGS/rlang.Rcheck/00install.out’ for details.
* used C compiler: ‘Debian clang version 17.0.5 (1)’
Flavor: r-devel-linux-x86_64-debian-clang
Version: 1.1.2
Check: whether package can be installed
Result: WARN
Found the following significant warnings:
./internal/tests.c:104:14: warning: format string is not a string literal (potentially insecure) [-Wformat-security]
./internal/tests.c:108:12: warning: format string is not a string literal (potentially insecure) [-Wformat-security]
./internal/tests.c:113:24: warning: format string is not a string literal (potentially insecure) [-Wformat-security]
./internal/tests.c:117:22: warning: format string is not a string literal (potentially insecure) [-Wformat-security]
See ‘/data/gannet/ripley/R/packages/tests-clang/rlang.Rcheck/00install.out’ for details.
* used C compiler: ‘clang version 17.0.5’
Flavor: r-devel-linux-x86_64-fedora-clang