CRAN Package Check Results for Package rkeops

Last updated on 2021-09-16 08:50:44 CEST.

Flavor Version Tinstall Tcheck Ttotal Status Flags
r-devel-linux-x86_64-debian-clang 1.4.2.2 21.93 39.95 61.88 NOTE
r-devel-linux-x86_64-debian-gcc 1.4.2.2 15.51 31.03 46.54 NOTE
r-devel-linux-x86_64-fedora-clang 1.4.2.2 92.93 NOTE
r-devel-linux-x86_64-fedora-gcc 1.4.2.2 76.16 NOTE
r-patched-linux-x86_64 1.4.2.2 16.49 38.60 55.09 NOTE
r-patched-solaris-x86 1.4.2.2 105.80 NOTE
r-release-linux-x86_64 1.4.2.2 19.87 38.60 58.47 NOTE
r-release-macos-arm64 1.4.2.2 NOTE
r-release-macos-x86_64 1.4.2.2 NOTE
r-oldrel-macos-x86_64 1.4.2.2 OK

Check Details

Version: 1.4.2.2
Check: LazyData
Result: NOTE
     'LazyData' is specified without a 'data' directory
Flavors: r-devel-linux-x86_64-debian-clang, r-devel-linux-x86_64-debian-gcc, r-devel-linux-x86_64-fedora-clang, r-devel-linux-x86_64-fedora-gcc, r-patched-linux-x86_64, r-patched-solaris-x86, r-release-linux-x86_64, r-release-macos-arm64, r-release-macos-x86_64