CRAN Package Check Results for Package riskRegression

Last updated on 2024-02-26 19:50:20 CET.

Flavor Version Tinstall Tcheck Ttotal Status Flags
r-devel-linux-x86_64-debian-clang 2023.12.21 316.95 391.12 708.07 OK
r-devel-linux-x86_64-debian-gcc 2023.12.21 240.76 277.24 518.00 OK
r-devel-linux-x86_64-fedora-clang 2023.12.21 926.10 OK
r-devel-linux-x86_64-fedora-gcc 2023.12.21 774.48 OK
r-devel-windows-x86_64 2023.12.21 231.00 313.00 544.00 OK
r-patched-linux-x86_64 2023.12.21 306.36 358.51 664.87 OK
r-release-linux-x86_64 2023.12.21 228.90 364.57 593.47 OK
r-release-macos-arm64 2023.12.21 222.00 NOTE
r-release-macos-x86_64 2023.12.21 346.00 NOTE
r-release-windows-x86_64 2023.12.21 300.00 407.00 707.00 OK
r-oldrel-macos-arm64 2023.12.21 213.00 NOTE
r-oldrel-windows-x86_64 2023.12.21 287.00 369.00 656.00 OK

Check Details

Version: 2023.12.21
Check: installed package size
Result: NOTE installed size is 10.3Mb sub-directories of 1Mb or more: R 1.1Mb libs 8.7Mb Flavors: r-release-macos-arm64, r-release-macos-x86_64, r-oldrel-macos-arm64