Last updated on 2023-03-29 08:53:50 CEST.
Flavor | Version | Tinstall | Tcheck | Ttotal | Status | Flags |
---|---|---|---|---|---|---|
r-devel-linux-x86_64-debian-clang | 0.1.0 | 1.34 | 19.28 | 20.62 | NOTE | |
r-devel-linux-x86_64-debian-gcc | 0.1.0 | 1.26 | 15.56 | 16.82 | NOTE | |
r-devel-linux-x86_64-fedora-clang | 0.1.0 | 28.10 | NOTE | |||
r-devel-linux-x86_64-fedora-gcc | 0.1.0 | 25.61 | NOTE | |||
r-patched-linux-x86_64 | 0.1.0 | 1.69 | 19.21 | 20.90 | NOTE | |
r-release-linux-x86_64 | 0.1.0 | 1.85 | 21.45 | 23.30 | NOTE | |
r-release-macos-arm64 | 0.1.0 | 14.00 | NOTE | |||
r-release-macos-x86_64 | 0.1.0 | 19.00 | NOTE | |||
r-release-windows-x86_64 | 0.1.0 | 8.00 | 49.00 | 57.00 | NOTE | |
r-oldrel-macos-arm64 | 0.1.0 | 18.00 | NOTE | |||
r-oldrel-macos-x86_64 | 0.1.0 | 23.00 | NOTE | |||
r-oldrel-windows-ix86+x86_64 | 0.1.0 | 5.00 | 45.00 | 50.00 | NOTE |
Version: 0.1.0
Check: LazyData
Result: NOTE
'LazyData' is specified without a 'data' directory
Flavors: r-devel-linux-x86_64-debian-clang, r-devel-linux-x86_64-debian-gcc, r-devel-linux-x86_64-fedora-clang, r-devel-linux-x86_64-fedora-gcc, r-patched-linux-x86_64, r-release-linux-x86_64, r-release-macos-arm64, r-release-macos-x86_64, r-release-windows-x86_64, r-oldrel-macos-arm64, r-oldrel-macos-x86_64, r-oldrel-windows-ix86+x86_64