CRAN Package Check Results for Package rinat

Last updated on 2021-09-22 08:50:27 CEST.

Flavor Version Tinstall Tcheck Ttotal Status Flags
r-devel-linux-x86_64-debian-clang 0.1.8 5.38 61.68 67.06 OK
r-devel-linux-x86_64-debian-gcc 0.1.8 4.34 46.84 51.18 OK
r-devel-linux-x86_64-fedora-clang 0.1.8 90.36 OK
r-devel-linux-x86_64-fedora-gcc 0.1.8 79.78 OK
r-devel-windows-x86_64 0.1.8 7.00 122.00 129.00 OK
r-devel-windows-x86_64-gcc10-UCRT 0.1.8 ERROR
r-patched-linux-x86_64 0.1.8 7.48 57.63 65.11 OK
r-patched-solaris-x86 0.1.8 114.90 OK
r-release-linux-x86_64 0.1.8 5.09 57.04 62.13 OK
r-release-macos-arm64 0.1.8 OK
r-release-macos-x86_64 0.1.8 OK
r-release-windows-ix86+x86_64 0.1.8 15.00 114.00 129.00 OK
r-oldrel-macos-x86_64 0.1.8 OK
r-oldrel-windows-ix86+x86_64 0.1.8 11.00 122.00 133.00 OK

Check Details

Version: 0.1.8
Check: package dependencies
Result: NOTE
    Package suggested but not available for checking: 'sf'
Flavor: r-devel-windows-x86_64-gcc10-UCRT

Version: 0.1.8
Check: PDF version of manual
Result: WARN
    LaTeX errors when creating PDF version.
    This typically indicates Rd problems.
Flavor: r-devel-windows-x86_64-gcc10-UCRT

Version: 0.1.8
Check: PDF version of manual without hyperrefs or index
Result: ERROR
    Re-running with no redirection of stdout/stderr.
Flavor: r-devel-windows-x86_64-gcc10-UCRT