Last updated on 2023-01-26 19:49:37 CET.
Flavor | Version | Tinstall | Tcheck | Ttotal | Status | Flags |
---|---|---|---|---|---|---|
r-devel-linux-x86_64-debian-clang | 0.3.1 | 3.62 | 36.75 | 40.37 | NOTE | |
r-devel-linux-x86_64-debian-gcc | 0.3.1 | 3.35 | 28.93 | 32.28 | NOTE | |
r-devel-linux-x86_64-fedora-clang | 0.3.1 | 54.26 | NOTE | |||
r-devel-linux-x86_64-fedora-gcc | 0.3.1 | 49.27 | NOTE | |||
r-patched-linux-x86_64 | 0.3.1 | 3.51 | 35.56 | 39.07 | NOTE | |
r-release-linux-x86_64 | 0.3.1 | 3.86 | 35.54 | 39.40 | NOTE | |
r-release-macos-arm64 | 0.3.1 | 17.00 | NOTE | |||
r-release-macos-x86_64 | 0.3.1 | 27.00 | NOTE | |||
r-release-windows-x86_64 | 0.3.1 | 17.00 | 73.00 | 90.00 | NOTE | |
r-oldrel-macos-arm64 | 0.3.1 | 23.00 | NOTE | |||
r-oldrel-macos-x86_64 | 0.3.1 | 26.00 | NOTE | |||
r-oldrel-windows-ix86+x86_64 | 0.3.1 | 9.00 | 62.00 | 71.00 | NOTE |
Version: 0.3.1
Check: LazyData
Result: NOTE
'LazyData' is specified without a 'data' directory
Flavors: r-devel-linux-x86_64-debian-clang, r-devel-linux-x86_64-debian-gcc, r-devel-linux-x86_64-fedora-clang, r-devel-linux-x86_64-fedora-gcc, r-patched-linux-x86_64, r-release-linux-x86_64, r-release-macos-arm64, r-release-macos-x86_64, r-release-windows-x86_64, r-oldrel-macos-arm64, r-oldrel-macos-x86_64, r-oldrel-windows-ix86+x86_64