CRAN Package Check Results for Package rgugik

Last updated on 2022-01-25 07:50:18 CET.

Flavor Version Tinstall Tcheck Ttotal Status Flags
r-devel-linux-x86_64-debian-clang 0.3.2 2.26 47.55 49.81 OK
r-devel-linux-x86_64-debian-gcc 0.3.2 2.88 37.82 40.70 OK
r-devel-linux-x86_64-fedora-clang 0.3.2 63.78 NOTE
r-devel-linux-x86_64-fedora-gcc 0.3.2 52.13 NOTE
r-devel-windows-x86_64-new-UL 0.3.2 60.00 81.00 141.00 OK
r-devel-windows-x86_64-new-TK 0.3.2 NOTE
r-patched-linux-x86_64 0.3.2 3.09 46.53 49.62 OK
r-release-linux-x86_64 0.3.2 3.08 46.39 49.47 OK
r-release-macos-arm64 0.3.1 NOTE
r-release-macos-x86_64 0.3.2 NOTE
r-release-windows-ix86+x86_64 0.3.2 7.00 60.00 67.00 OK
r-oldrel-macos-x86_64 0.3.1 NOTE
r-oldrel-windows-ix86+x86_64 0.3.2 7.00 57.00 64.00 OK

Check Details

Version: 0.3.2
Check: data for non-ASCII characters
Result: NOTE
     Note: found 1473 marked UTF-8 strings
Flavors: r-devel-linux-x86_64-fedora-clang, r-devel-linux-x86_64-fedora-gcc, r-devel-windows-x86_64-new-TK, r-release-macos-x86_64

Version: 0.3.1
Check: data for non-ASCII characters
Result: NOTE
     Note: found 1473 marked UTF-8 strings
Flavors: r-release-macos-arm64, r-oldrel-macos-x86_64