CRAN Package Check Results for Package rgeoda

Last updated on 2021-11-28 19:49:03 CET.

Flavor Version Tinstall Tcheck Ttotal Status Flags
r-devel-linux-x86_64-debian-clang 0.0.8-6 OK
r-devel-linux-x86_64-debian-gcc 0.0.8-6 200.80 43.33 244.13 OK
r-devel-linux-x86_64-fedora-clang 0.0.8-6 526.42 NOTE
r-devel-linux-x86_64-fedora-gcc 0.0.8-6 439.99 OK
r-devel-windows-x86_64-new-UL 0.0.8-6 387.00 138.00 525.00 OK
r-devel-windows-x86_64-new-TK 0.0.8-6 OK
r-devel-windows-x86_64-old 0.0.8-6 258.00 94.00 352.00 OK
r-patched-linux-x86_64 0.0.8-6 235.76 44.32 280.08 OK
r-patched-solaris-x86 0.0.8-6 397.10 OK
r-release-linux-x86_64 0.0.8-6 235.46 44.36 279.82 OK
r-release-macos-arm64 0.0.8-6 NOTE
r-release-macos-x86_64 0.0.8-6 NOTE
r-release-windows-ix86+x86_64 0.0.8-6 662.00 98.00 760.00 NOTE
r-oldrel-macos-x86_64 0.0.8-6 NOTE
r-oldrel-windows-ix86+x86_64 0.0.8-6 523.00 128.00 651.00 NOTE

Check Details

Version: 0.0.8-6
Check: installed package size
Result: NOTE
     installed size is 26.5Mb
     sub-directories of 1Mb or more:
     libs 25.2Mb
Flavors: r-devel-linux-x86_64-fedora-clang, r-release-macos-arm64, r-release-macos-x86_64, r-release-windows-ix86+x86_64, r-oldrel-macos-x86_64, r-oldrel-windows-ix86+x86_64