CRAN Package Check Results for Package rgenoud

Last updated on 2021-12-04 07:50:32 CET.

Flavor Version Tinstall Tcheck Ttotal Status Flags
r-devel-linux-x86_64-debian-clang 5.8-3.0 13.45 58.84 72.29 NOTE
r-devel-linux-x86_64-debian-gcc 5.8-3.0 7.61 55.45 63.06 NOTE
r-devel-linux-x86_64-fedora-clang 5.8-3.0 94.33 NOTE
r-devel-linux-x86_64-fedora-gcc 5.8-3.0 86.86 NOTE
r-devel-windows-x86_64-new-UL 5.8-3.0 27.00 135.00 162.00 NOTE
r-devel-windows-x86_64-new-TK 5.8-3.0 NOTE
r-devel-windows-x86_64-old 5.8-3.0 19.00 72.00 91.00 NOTE
r-patched-linux-x86_64 5.8-3.0 10.53 57.59 68.12 NOTE
r-release-linux-x86_64 5.8-3.0 9.92 66.45 76.37 NOTE
r-release-macos-arm64 5.8-3.0 NOTE
r-release-macos-x86_64 5.8-3.0 NOTE
r-release-windows-ix86+x86_64 5.8-3.0 35.00 122.00 157.00 NOTE
r-oldrel-macos-x86_64 5.8-3.0 NOTE
r-oldrel-windows-ix86+x86_64 5.8-3.0 38.00 112.00 150.00 NOTE

Additional issues

clang-UBSAN gcc-UBSAN

Check Details

Version: 5.8-3.0
Check: R code for possible problems
Result: NOTE
    genoud: multiple local function definitions for 'fn1.bfgs' with
     different formal arguments
    genoud: multiple local function definitions for 'gr1' with different
     formal arguments
    genoud: multiple local function definitions for 'hess.fn' with
     different formal arguments
    genoud_transform: multiple local function definitions for 'fn1.bfgs'
     with different formal arguments
    genoud_transform: multiple local function definitions for 'gr1' with
     different formal arguments
Flavors: r-devel-linux-x86_64-debian-clang, r-devel-linux-x86_64-debian-gcc, r-devel-linux-x86_64-fedora-clang, r-devel-linux-x86_64-fedora-gcc, r-devel-windows-x86_64-new-UL, r-devel-windows-x86_64-new-TK, r-devel-windows-x86_64-old, r-patched-linux-x86_64, r-release-linux-x86_64, r-release-macos-arm64, r-release-macos-x86_64, r-release-windows-ix86+x86_64, r-oldrel-macos-x86_64, r-oldrel-windows-ix86+x86_64

Version: 5.8-3.0
Check: Rd cross-references
Result: NOTE
    Undeclared package ‘Matching’ in Rd xrefs
Flavor: r-devel-linux-x86_64-fedora-clang