CRAN Package Check Results for Package rfishbase

Last updated on 2021-09-27 09:49:52 CEST.

Flavor Version Tinstall Tcheck Ttotal Status Flags
r-devel-linux-x86_64-debian-clang 3.1.9 10.46 74.38 84.84 OK
r-devel-linux-x86_64-debian-gcc 3.1.9 9.26 56.51 65.77 OK
r-devel-linux-x86_64-fedora-clang 3.1.9 109.22 NOTE
r-devel-linux-x86_64-fedora-gcc 3.1.9 100.18 NOTE
r-devel-windows-x86_64 3.1.9 12.00 84.00 96.00 OK
r-devel-windows-x86_64-gcc10-UCRT 3.1.9 NOTE
r-patched-linux-x86_64 3.1.9 9.91 69.71 79.62 OK
r-patched-solaris-x86 3.1.9 153.50 NOTE
r-release-linux-x86_64 3.1.9 9.85 69.56 79.41 OK
r-release-macos-arm64 3.1.9 NOTE
r-release-macos-x86_64 3.1.9 NOTE
r-release-windows-ix86+x86_64 3.1.9 22.00 81.00 103.00 OK
r-oldrel-macos-x86_64 3.1.9 NOTE
r-oldrel-windows-ix86+x86_64 3.1.9 15.00 73.00 88.00 OK

Additional issues

donttest

Check Details

Version: 3.1.9
Check: data for non-ASCII characters
Result: NOTE
     Note: found 44 marked UTF-8 strings
Flavors: r-devel-linux-x86_64-fedora-clang, r-devel-linux-x86_64-fedora-gcc, r-devel-windows-x86_64-gcc10-UCRT, r-patched-solaris-x86, r-release-macos-arm64, r-release-macos-x86_64, r-oldrel-macos-x86_64