CRAN Package Check Results for Package retrosheet

Last updated on 2024-02-29 19:12:32 CET.

Flavor Version Tinstall Tcheck Ttotal Status Flags
r-devel-linux-x86_64-debian-clang 1.1.5 4.12 43.28 47.40 NOTE
r-devel-linux-x86_64-debian-gcc 1.1.6 3.05 32.74 35.79 OK
r-devel-linux-x86_64-fedora-clang 1.1.6 49.79 OK
r-devel-linux-x86_64-fedora-gcc 1.1.6 53.74 OK
r-devel-windows-x86_64 1.1.5 5.00 53.00 58.00 OK
r-patched-linux-x86_64 1.1.5 4.18 41.87 46.05 OK
r-release-linux-x86_64 1.1.5 4.00 41.36 45.36 OK
r-release-macos-arm64 1.1.5 19.00 OK
r-release-macos-x86_64 1.1.6 38.00 OK
r-release-windows-x86_64 1.1.6 6.00 59.00 65.00 OK
r-oldrel-macos-arm64 1.1.5 22.00 OK
r-oldrel-windows-x86_64 1.1.5 7.00 61.00 68.00 OK

Check Details

Version: 1.1.5
Check: Rd files
Result: NOTE checkRd: (-1) getPartialGamelog.Rd:27-28: Lost braces in \itemize; \value handles \item{}{} directly checkRd: (-1) getPartialGamelog.Rd:29-30: Lost braces in \itemize; \value handles \item{}{} directly Flavor: r-devel-linux-x86_64-debian-clang