Last updated on 2023-01-26 19:49:37 CET.
Flavor | Version | Tinstall | Tcheck | Ttotal | Status | Flags |
---|---|---|---|---|---|---|
r-devel-linux-x86_64-debian-clang | 0.2.0 | 8.49 | 161.51 | 170.00 | OK | |
r-devel-linux-x86_64-debian-gcc | 0.2.0 | 7.37 | 119.21 | 126.58 | OK | |
r-devel-linux-x86_64-fedora-clang | 0.2.0 | 210.99 | NOTE | |||
r-devel-linux-x86_64-fedora-gcc | 0.2.0 | 211.72 | OK | |||
r-patched-linux-x86_64 | 0.2.0 | 9.64 | 154.34 | 163.98 | OK | |
r-release-linux-x86_64 | 0.2.0 | 7.64 | 144.72 | 152.36 | OK | |
r-release-macos-arm64 | 0.2.0 | 52.00 | NOTE | |||
r-release-macos-x86_64 | 0.2.0 | 91.00 | NOTE | |||
r-release-windows-x86_64 | 0.2.0 | 72.00 | 195.00 | 267.00 | NOTE | |
r-oldrel-macos-arm64 | 0.2.0 | 58.00 | NOTE | |||
r-oldrel-macos-x86_64 | 0.2.0 | 75.00 | NOTE | |||
r-oldrel-windows-ix86+x86_64 | 0.2.0 | 21.00 | 191.00 | 212.00 | NOTE |
Version: 0.2.0
Check: installed package size
Result: NOTE
installed size is 5.7Mb
sub-directories of 1Mb or more:
doc 1.1Mb
examples 1.9Mb
Flavors: r-devel-linux-x86_64-fedora-clang, r-release-macos-arm64, r-release-macos-x86_64, r-release-windows-x86_64, r-oldrel-macos-arm64, r-oldrel-macos-x86_64, r-oldrel-windows-ix86+x86_64