CRAN Package Check Results for Package retriever

Last updated on 2022-01-25 07:50:18 CET.

Flavor Version Tinstall Tcheck Ttotal Status Flags
r-devel-linux-x86_64-debian-clang 0.2.1 1.70 32.29 33.99 OK
r-devel-linux-x86_64-debian-gcc 0.2.1 1.84 25.13 26.97 OK
r-devel-linux-x86_64-fedora-clang 0.2.1 42.41 OK
r-devel-linux-x86_64-fedora-gcc 0.2.1 31.70 OK
r-devel-windows-x86_64-new-UL 0.2.1 21.00 50.00 71.00 OK
r-devel-windows-x86_64-new-TK 0.2.1 OK
r-patched-linux-x86_64 0.2.1 2.23 30.78 33.01 OK
r-release-linux-x86_64 0.2.1 2.34 30.69 33.03 OK
r-release-macos-arm64 0.2.1 NOTE
r-release-macos-x86_64 0.2.1 NOTE
r-release-windows-ix86+x86_64 0.2.1 5.00 38.00 43.00 OK
r-oldrel-macos-x86_64 0.2.1 NOTE
r-oldrel-windows-ix86+x86_64 0.2.1 6.00 42.00 48.00 OK

Check Details

Version: 0.2.1
Check: package dependencies
Result: NOTE
    Package suggested but not available for checking: ‘ccdata’
Flavors: r-release-macos-arm64, r-release-macos-x86_64, r-oldrel-macos-x86_64