Last updated on 2021-01-26 07:50:26 CET.
Flavor | Version | Tinstall | Tcheck | Ttotal | Status | Flags |
---|---|---|---|---|---|---|
r-devel-linux-x86_64-debian-clang | 0.0.13 | 12.81 | 78.37 | 91.18 | OK | --no-tests |
r-devel-linux-x86_64-debian-gcc | 0.0.13 | 10.97 | 58.39 | 69.36 | OK | --no-tests |
r-devel-linux-x86_64-fedora-clang | 0.0.13 | 114.35 | OK | --no-tests | ||
r-devel-linux-x86_64-fedora-gcc | 0.0.13 | 105.63 | OK | --no-tests | ||
r-devel-windows-ix86+x86_64 | 0.0.13 | 27.00 | 112.00 | 139.00 | OK | --no-examples --no-tests --no-vignettes |
r-patched-linux-x86_64 | 0.0.13 | 12.58 | 70.97 | 83.55 | OK | --no-tests |
r-patched-solaris-x86 | 0.0.13 | 158.40 | NOTE | |||
r-release-linux-x86_64 | 0.0.13 | 14.29 | 75.94 | 90.23 | OK | --no-tests |
r-release-macos-x86_64 | 0.0.13 | OK | ||||
r-release-windows-ix86+x86_64 | 0.0.13 | 28.00 | 81.00 | 109.00 | OK | --no-examples --no-tests --no-vignettes |
r-oldrel-macos-x86_64 | 0.0.13 | NOTE | ||||
r-oldrel-windows-ix86+x86_64 | 0.0.13 | 21.00 | 104.00 | 125.00 | OK | --no-examples --no-tests --no-vignettes |
Version: 0.0.13
Check: package dependencies
Result: NOTE
Package suggested but not available for checking: ‘rsolr’
Flavors: r-patched-solaris-x86, r-oldrel-macos-x86_64