CRAN Package Check Results for Package restfulr

Last updated on 2024-02-27 19:54:49 CET.

Flavor Version Tinstall Tcheck Ttotal Status Flags
r-devel-linux-x86_64-debian-clang 0.0.15 15.46 86.35 101.81 OK --no-tests
r-devel-linux-x86_64-debian-gcc 0.0.15 12.13 63.91 76.04 OK --no-tests
r-devel-linux-x86_64-fedora-clang 0.0.15 119.14 OK --no-tests
r-devel-linux-x86_64-fedora-gcc 0.0.15 129.00 OK --no-tests
r-devel-windows-x86_64 0.0.15 1.00 6.00 7.00 ERROR --no-examples --no-tests --no-vignettes
r-patched-linux-x86_64 0.0.15 13.40 86.44 99.84 OK --no-tests
r-release-linux-x86_64 0.0.15 16.22 83.37 99.59 OK --no-tests
r-release-macos-arm64 0.0.15 45.00 OK
r-release-macos-x86_64 0.0.15 81.00 OK
r-release-windows-x86_64 0.0.15 16.00 59.00 75.00 OK --no-examples --no-tests --no-vignettes
r-oldrel-macos-arm64 0.0.15 43.00 OK
r-oldrel-windows-x86_64 0.0.15 1.00 13.00 14.00 ERROR --no-examples --no-tests --no-vignettes

Check Details

Version: 0.0.15
Flags: --no-examples --no-tests --no-vignettes
Check: whether package can be installed
Result: ERROR Installation failed. Flavors: r-devel-windows-x86_64, r-oldrel-windows-x86_64