CRAN Package Check Results for Package reservoir

Last updated on 2021-09-22 08:50:27 CEST.

Flavor Version Tinstall Tcheck Ttotal Status Flags
r-devel-linux-x86_64-debian-clang 1.1.5 6.79 81.65 88.44 OK
r-devel-linux-x86_64-debian-gcc 1.1.5 4.83 56.36 61.19 OK
r-devel-linux-x86_64-fedora-clang 1.1.5 113.07 OK
r-devel-linux-x86_64-fedora-gcc 1.1.5 99.66 OK
r-devel-windows-x86_64 1.1.5 9.00 79.00 88.00 OK
r-devel-windows-x86_64-gcc10-UCRT 1.1.5 ERROR
r-patched-linux-x86_64 1.1.5 6.50 72.54 79.04 OK
r-patched-solaris-x86 1.1.5 135.10 OK
r-release-linux-x86_64 1.1.5 6.50 70.73 77.23 OK
r-release-macos-arm64 1.1.5 OK
r-release-macos-x86_64 1.1.5 OK
r-release-windows-ix86+x86_64 1.1.5 10.00 74.00 84.00 OK
r-oldrel-macos-x86_64 1.1.5 OK
r-oldrel-windows-ix86+x86_64 1.1.5 7.00 71.00 78.00 OK

Check Details

Version: 1.1.5
Check: PDF version of manual
Result: WARN
    LaTeX errors when creating PDF version.
    This typically indicates Rd problems.
Flavor: r-devel-windows-x86_64-gcc10-UCRT

Version: 1.1.5
Check: PDF version of manual without hyperrefs or index
Result: ERROR
    Re-running with no redirection of stdout/stderr.
Flavor: r-devel-windows-x86_64-gcc10-UCRT